HEX
Server: LiteSpeed
System: Linux atos.staydns.com 4.18.0-553.5.1.lve.1.el8.x86_64 #1 SMP Fri Jun 14 15:38:45 UTC 2024 x86_64
User: empresam (1859)
PHP: 8.3.28
Disabled: show_source, system, shell_exec, passthru, exec, popen, proc_open
Upload Files
File: //home/empresam/access-logs/raphaelgirardi.empresamonetizeionline.com.br
177.154.190.245 - - [05/Aug/2026:09:23:49 -0300] "POST /wp-cron.php?doing_wp_cron=1785932629.8069930076599121093750 HTTP/1.1" 200 0 "-" "WordPress/7.0.2; https://www.raphaelgirardi.online"
2a06:98c0:3600::103 - - [05/Aug/2026:09:23:49 -0300] "GET /wp-admin/install.php?step=1 HTTP/1.1" 200 573 "-" "http://raphaelgirardi.online/wp-admin/install.php?step=1"
177.154.190.245 - - [05/Aug/2026:09:53:23 -0300] "POST /wp-cron.php?doing_wp_cron=1785934403.9388790130615234375000 HTTP/1.1" 200 0 "-" "WordPress/7.0.2; https://www.raphaelgirardi.online"
149.86.151.149 - - [05/Aug/2026:09:53:23 -0300] "GET /wp-json/wp/v2/posts HTTP/1.1" 200 2022 "-" "Mozilla/5.0 (Windows NT 10.0; Win64; x64) AppleWebKit/537.36 (KHTML, like Gecko) Chrome/120.0.0.0 Safari/537.36"
177.154.190.245 - - [05/Aug/2026:10:46:20 -0300] "GET /.well-known/acme-challenge/PZNWX_HJ41_ECVOITS33R70SBV7508O3 HTTP/1.1" 200 64 "-" "Cpanel-HTTP-Client/1.0"
177.154.190.245 - - [05/Aug/2026:10:46:20 -0300] "GET /.well-known/acme-challenge/6YICY5OF4CY9QL108QT7RPKDRWYKJFPD HTTP/1.1" 200 64 "-" "Cpanel-HTTP-Client/1.0"
177.154.190.245 - - [05/Aug/2026:10:46:20 -0300] "GET /.well-known/acme-challenge/JIA3IE15_PDE2WZRWZMXFRZ9QE9TQ03C HTTP/1.1" 200 64 "-" "Cpanel-HTTP-Client/1.0"
177.154.190.245 - - [05/Aug/2026:11:19:39 -0300] "POST /wp-cron.php?doing_wp_cron=1785939579.0150249004364013671875 HTTP/1.1" 200 0 "-" "WordPress/7.0.2; https://www.raphaelgirardi.online"
2a06:98c0:3600::103 - - [05/Aug/2026:11:19:38 -0300] "GET /wp-admin/install.php?step=1 HTTP/1.1" 200 573 "-" "http://raphaelgirardi.online/wp-admin/install.php?step=1"
177.154.190.245 - - [05/Aug/2026:11:53:08 -0300] "POST /wp-cron.php?doing_wp_cron=1785941588.3471450805664062500000 HTTP/1.1" 200 0 "-" "WordPress/7.0.2; https://www.raphaelgirardi.online"
101.32.208.70 - - [05/Aug/2026:11:53:07 -0300] "GET / HTTP/1.1" 301 0 "-" "Mozilla/5.0 (iPhone; CPU iPhone OS 13_2_3 like Mac OS X) AppleWebKit/605.1.15 (KHTML, like Gecko) Version/13.0.3 Mobile/15E148 Safari/604.1"
177.154.190.245 - - [05/Aug/2026:12:21:00 -0300] "POST /wp-cron.php?doing_wp_cron=1785943260.1875510215759277343750 HTTP/1.1" 200 0 "-" "WordPress/7.0.2; https://www.raphaelgirardi.online"
175.27.163.171 - - [05/Aug/2026:12:20:59 -0300] "GET / HTTP/1.1" 301 0 "-" "Mozilla/5.0 (iPhone; CPU iPhone OS 13_2_3 like Mac OS X) AppleWebKit/605.1.15 (KHTML, like Gecko) Version/13.0.3 Mobile/15E148 Safari/604.1"
43.164.0.96 - - [05/Aug/2026:12:48:51 -0300] "GET / HTTP/1.1" 301 0 "-" "Mozilla/5.0 (iPhone; CPU iPhone OS 13_2_3 like Mac OS X) AppleWebKit/605.1.15 (KHTML, like Gecko) Version/13.0.3 Mobile/15E148 Safari/604.1"
177.154.190.245 - - [05/Aug/2026:12:48:52 -0300] "POST /wp-cron.php?doing_wp_cron=1785944932.0653619766235351562500 HTTP/1.1" 200 0 "-" "WordPress/7.0.2; https://www.raphaelgirardi.online"
177.154.190.245 - - [05/Aug/2026:13:15:59 -0300] "POST /wp-cron.php?doing_wp_cron=1785946559.5062589645385742187500 HTTP/1.1" 200 0 "-" "WordPress/7.0.2; https://www.raphaelgirardi.online"
2a06:98c0:3600::103 - - [05/Aug/2026:13:15:59 -0300] "GET /wp-admin/install.php?step=1 HTTP/1.1" 200 573 "-" "http://raphaelgirardi.online/wp-admin/install.php?step=1"
177.154.190.245 - - [05/Aug/2026:13:46:19 -0300] "GET /.well-known/acme-challenge/D85LKUBRCK04M7KBWTG73JQN6BJ8IX4L HTTP/1.1" 200 64 "-" "Cpanel-HTTP-Client/1.0"
177.154.190.245 - - [05/Aug/2026:13:46:19 -0300] "GET /.well-known/acme-challenge/MZAA1E7M6ACQN17IU4BZ4W66H3GQ1CAG HTTP/1.1" 200 64 "-" "Cpanel-HTTP-Client/1.0"
177.154.190.245 - - [05/Aug/2026:13:46:19 -0300] "GET /.well-known/acme-challenge/B_JP9SFL40M6ZZK4Q0DFICY6X0ND_1HE HTTP/1.1" 200 64 "-" "Cpanel-HTTP-Client/1.0"
177.154.190.245 - - [05/Aug/2026:15:35:29 -0300] "POST /wp-cron.php?doing_wp_cron=1785954929.9163188934326171875000 HTTP/1.1" 200 0 "-" "WordPress/7.0.2; https://www.raphaelgirardi.online"
2a06:98c0:3600::103 - - [05/Aug/2026:15:35:29 -0300] "GET /wp-admin/install.php?step=1 HTTP/1.1" 200 573 "-" "http://raphaelgirardi.online/wp-admin/install.php?step=1"
177.154.190.245 - - [05/Aug/2026:16:40:57 -0300] "POST /wp-cron.php?doing_wp_cron=1785958857.0391080379486083984375 HTTP/1.1" 200 0 "-" "WordPress/7.0.2; https://www.raphaelgirardi.online"
66.249.75.203 - - [05/Aug/2026:16:40:56 -0300] "GET /robots.txt HTTP/1.1" 301 0 "-" "Mozilla/5.0 (compatible; Googlebot/2.1; +http://www.google.com/bot.html)"
66.249.75.134 - - [05/Aug/2026:16:41:04 -0300] "GET /robots.txt HTTP/1.1" 200 101 "-" "Mozilla/5.0 (compatible; Googlebot/2.1; +http://www.google.com/bot.html)"
177.154.190.245 - - [05/Aug/2026:16:46:11 -0300] "GET /.well-known/acme-challenge/_Z5-FLL4196JCYLZ_0QY1OQ0OJ1IG88X HTTP/1.1" 200 64 "-" "Cpanel-HTTP-Client/1.0"
177.154.190.245 - - [05/Aug/2026:16:46:11 -0300] "GET /.well-known/acme-challenge/8GRJVI0YTWHUUKSR6AJQEHXXYMPVIOW5 HTTP/1.1" 200 64 "-" "Cpanel-HTTP-Client/1.0"
177.154.190.245 - - [05/Aug/2026:16:46:11 -0300] "GET /.well-known/acme-challenge/4HBKFQO73PO3T4RYXR5LMLRCB5T27N7K HTTP/1.1" 200 64 "-" "Cpanel-HTTP-Client/1.0"
177.154.190.245 - - [05/Aug/2026:17:30:26 -0300] "POST /wp-cron.php?doing_wp_cron=1785961826.2136030197143554687500 HTTP/1.1" 200 0 "-" "WordPress/7.0.2; https://www.raphaelgirardi.online"
2a06:98c0:3600::103 - - [05/Aug/2026:17:30:25 -0300] "GET /wp-admin/install.php?step=1 HTTP/1.1" 200 573 "-" "http://raphaelgirardi.online/wp-admin/install.php?step=1"
43.166.130.123 - - [05/Aug/2026:18:32:38 -0300] "GET / HTTP/1.1" 301 0 "-" "Mozilla/5.0 (iPhone; CPU iPhone OS 13_2_3 like Mac OS X) AppleWebKit/605.1.15 (KHTML, like Gecko) Version/13.0.3 Mobile/15E148 Safari/604.1"
177.154.190.245 - - [05/Aug/2026:18:32:38 -0300] "POST /wp-cron.php?doing_wp_cron=1785965558.6322789192199707031250 HTTP/1.1" 200 0 "-" "WordPress/7.0.2; https://www.raphaelgirardi.online"
66.249.75.134 - - [05/Aug/2026:19:08:47 -0300] "GET /robots.txt HTTP/1.1" 200 101 "-" "Mozilla/5.0 (compatible; Googlebot/2.1; +http://www.google.com/bot.html)"
177.154.190.245 - - [05/Aug/2026:19:08:47 -0300] "POST /wp-cron.php?doing_wp_cron=1785967727.6972799301147460937500 HTTP/1.1" 200 0 "-" "WordPress/7.0.2; https://www.raphaelgirardi.online"
2a06:98c0:3600::103 - - [05/Aug/2026:19:22:11 -0300] "GET /wp-admin/install.php?step=1 HTTP/1.1" 200 573 "-" "http://raphaelgirardi.online/wp-admin/install.php?step=1"
177.154.190.245 - - [05/Aug/2026:19:22:12 -0300] "POST /wp-cron.php?doing_wp_cron=1785968532.3044281005859375000000 HTTP/1.1" 200 0 "-" "WordPress/7.0.2; https://www.raphaelgirardi.online"
194.71.229.19 - - [05/Aug/2026:19:40:54 -0300] "GET / HTTP/1.1" 301 0 "-" "Mozilla/5.0 (iPhone; CPU iPhone OS 17_1_2 like Mac OS X) AppleWebKit/605.1.15 (KHTML, like Gecko) Version/17.1.2 Mobile/15E148 Safari/604"
177.154.190.245 - - [05/Aug/2026:19:40:07 -0300] "POST /wp-cron.php?doing_wp_cron=1785969607.4466490745544433593750 HTTP/1.1" 200 0 "-" "WordPress/7.0.2; https://www.raphaelgirardi.online"
43.135.145.73 - - [05/Aug/2026:19:40:06 -0300] "GET / HTTP/1.1" 301 0 "-" "Mozilla/5.0 (iPhone; CPU iPhone OS 13_2_3 like Mac OS X) AppleWebKit/605.1.15 (KHTML, like Gecko) Version/13.0.3 Mobile/15E148 Safari/604.1"
177.154.190.245 - - [05/Aug/2026:19:46:27 -0300] "GET /.well-known/acme-challenge/YL5DAV3G3FHOJFI6VIIYG23MXCHSVZT0 HTTP/1.1" 200 64 "-" "Cpanel-HTTP-Client/1.0"
177.154.190.245 - - [05/Aug/2026:19:46:28 -0300] "GET /.well-known/acme-challenge/XTG57VALSOLI6QJIMH4P3KG5A_7VRZIG HTTP/1.1" 200 64 "-" "Cpanel-HTTP-Client/1.0"
177.154.190.245 - - [05/Aug/2026:19:46:28 -0300] "GET /.well-known/acme-challenge/WWXRFKXSIK-URRR0XVH94TQ89A_SC56T HTTP/1.1" 200 64 "-" "Cpanel-HTTP-Client/1.0"
177.154.190.245 - - [05/Aug/2026:21:12:37 -0300] "POST /wp-cron.php?doing_wp_cron=1785975157.1699988842010498046875 HTTP/1.1" 200 0 "-" "WordPress/7.0.2; https://www.raphaelgirardi.online"
2a06:98c0:3600::103 - - [05/Aug/2026:21:12:36 -0300] "GET /wp-admin/install.php?step=1 HTTP/1.1" 200 573 "-" "http://raphaelgirardi.online/wp-admin/install.php?step=1"
177.154.190.245 - - [05/Aug/2026:22:46:19 -0300] "GET /.well-known/acme-challenge/698WCPSQUIU_F82V3SAQCKBOCIQO06QY HTTP/1.1" 200 64 "-" "Cpanel-HTTP-Client/1.0"
177.154.190.245 - - [05/Aug/2026:22:46:19 -0300] "GET /.well-known/acme-challenge/HK-1HMBXYF-ORGZCWUNO6HC3XOJAL86R HTTP/1.1" 200 64 "-" "Cpanel-HTTP-Client/1.0"
177.154.190.245 - - [05/Aug/2026:22:46:19 -0300] "GET /.well-known/acme-challenge/9MKYFBTWMJ3-CBG4TLR7TC60M_UBJ3B1 HTTP/1.1" 200 64 "-" "Cpanel-HTTP-Client/1.0"
2a06:98c0:3600::103 - - [05/Aug/2026:23:01:51 -0300] "GET /wp-admin/install.php?step=1 HTTP/1.1" 200 573 "-" "http://raphaelgirardi.online/wp-admin/install.php?step=1"
177.154.190.245 - - [05/Aug/2026:23:01:51 -0300] "POST /wp-cron.php?doing_wp_cron=1785981711.5019690990447998046875 HTTP/1.1" 200 0 "-" "WordPress/7.0.2; https://www.raphaelgirardi.online"
177.154.190.245 - - [05/Aug/2026:23:43:51 -0300] "POST /wp-cron.php?doing_wp_cron=1785984231.8373789787292480468750 HTTP/1.1" 200 0 "-" "WordPress/7.0.2; https://www.raphaelgirardi.online"
43.135.145.117 - - [05/Aug/2026:23:43:51 -0300] "GET / HTTP/1.1" 301 0 "-" "Mozilla/5.0 (iPhone; CPU iPhone OS 13_2_3 like Mac OS X) AppleWebKit/605.1.15 (KHTML, like Gecko) Version/13.0.3 Mobile/15E148 Safari/604.1"
177.154.190.245 - - [06/Aug/2026:00:44:58 -0300] "POST /wp-cron.php?doing_wp_cron=1785987898.6937251091003417968750 HTTP/1.1" 200 0 "-" "WordPress/7.0.2; https://www.raphaelgirardi.online"
170.106.84.136 - - [06/Aug/2026:00:44:57 -0300] "GET / HTTP/1.1" 301 0 "-" "Mozilla/5.0 (iPhone; CPU iPhone OS 13_2_3 like Mac OS X) AppleWebKit/605.1.15 (KHTML, like Gecko) Version/13.0.3 Mobile/15E148 Safari/604.1"
177.154.190.245 - - [06/Aug/2026:00:51:59 -0300] "POST /wp-cron.php?doing_wp_cron=1785988319.2409489154815673828125 HTTP/1.1" 200 0 "-" "WordPress/7.0.2; https://www.raphaelgirardi.online"
177.154.190.245 - - [06/Aug/2026:00:52:17 -0300] "POST /wp-cron.php?doing_wp_cron=1785988337.6042470932006835937500 HTTP/1.1" 200 0 "-" "WordPress/7.0.2; https://www.raphaelgirardi.online"
2a06:98c0:3600::103 - - [06/Aug/2026:00:52:17 -0300] "GET /wp-admin/install.php?step=1 HTTP/1.1" 200 573 "-" "http://raphaelgirardi.online/wp-admin/install.php?step=1"
2a06:98c0:3600::103 - - [06/Aug/2026:00:51:58 -0300] "GET /wp-admin/install.php?step=1 HTTP/1.1" 200 573 "-" "http://raphaelgirardi.online/wp-admin/install.php?step=1"
177.154.190.245 - - [06/Aug/2026:01:46:17 -0300] "GET /.well-known/acme-challenge/G9IC4NEVU1HFL91ISMQG3VRPBBWUV_U8 HTTP/1.1" 200 64 "-" "Cpanel-HTTP-Client/1.0"
177.154.190.245 - - [06/Aug/2026:01:46:16 -0300] "GET /.well-known/acme-challenge/PVM-JOMO5SNNEKAUOV2BY9NMWU2IOG02 HTTP/1.1" 200 64 "-" "Cpanel-HTTP-Client/1.0"
177.154.190.245 - - [06/Aug/2026:01:46:17 -0300] "GET /.well-known/acme-challenge/0_H749GSH4Q1MQ32UALPR7-QVCG788Z1 HTTP/1.1" 200 64 "-" "Cpanel-HTTP-Client/1.0"
177.154.190.245 - - [06/Aug/2026:02:36:50 -0300] "POST /wp-cron.php?doing_wp_cron=1785994610.3862440586090087890625 HTTP/1.1" 200 0 "-" "WordPress/7.0.2; https://www.raphaelgirardi.online"
2a06:98c0:3600::103 - - [06/Aug/2026:02:36:49 -0300] "GET /wp-admin/install.php?step=1 HTTP/1.1" 200 573 "-" "http://raphaelgirardi.online/wp-admin/install.php?step=1"