File: //home/empresam/access-logs/mundofce.empresamonetizeionline.com.br-ssl_log
177.154.190.245 - - [04/Aug/2026:10:08:26 -0300] "POST /wp-cron.php?doing_wp_cron=1785848905.9654350280761718750000 HTTP/1.1" 200 0 "-" "WordPress/7.0.2; https://www.mundofce.com.br"
66.249.77.32 - - [04/Aug/2026:10:15:38 -0300] "GET /robots.txt HTTP/1.1" 200 97 "-" "Mozilla/5.0 (compatible; Googlebot/2.1; +http://www.google.com/bot.html)"
2a03:2880:f800:21:: - - [04/Aug/2026:10:08:25 -0300] "GET /wp-sitemap-posts-post-1.xml HTTP/1.1" 200 198 "-" "Mozilla/5.0 (Windows NT 10.0; Win64; x64) AppleWebKit/537.36 (KHTML, like Gecko) Chrome/145.0.0.0 Safari/537.36 (compatible; meta-externalagent/1.1 (+https://developers.facebook.com/docs/sharing/webmasters/crawler))"
66.249.72.2 - - [04/Aug/2026:10:15:37 -0300] "GET /robots.txt HTTP/1.1" 301 0 "-" "Mozilla/5.0 (compatible; Googlebot/2.1; +http://www.google.com/bot.html)"
216.73.216.108 - - [04/Aug/2026:11:15:41 -0300] "GET /wp-sitemap.xml HTTP/1.1" 200 193 "-" "Mozilla/5.0 AppleWebKit/537.36 (KHTML, like Gecko; compatible; ClaudeBot/1.0; [email protected])"
177.154.190.245 - - [04/Aug/2026:11:15:41 -0300] "POST /wp-cron.php?doing_wp_cron=1785852940.7978620529174804687500 HTTP/1.1" 200 0 "-" "WordPress/7.0.2; https://www.mundofce.com.br"
216.73.216.108 - - [04/Aug/2026:11:15:40 -0300] "GET /robots.txt HTTP/1.1" 200 97 "-" "Mozilla/5.0 AppleWebKit/537.36 (KHTML, like Gecko; compatible; ClaudeBot/1.0; [email protected])"
177.154.190.245 - - [04/Aug/2026:13:52:09 -0300] "POST /wp-cron.php?doing_wp_cron=1785862329.5889019966125488281250 HTTP/1.1" 200 0 "-" "WordPress/7.0.2; https://www.mundofce.com.br"
66.249.77.34 - - [04/Aug/2026:13:52:10 -0300] "GET / HTTP/1.1" 200 23719 "-" "Mozilla/5.0 (compatible; Googlebot/2.1; +http://www.google.com/bot.html)"
66.249.77.33 - - [04/Aug/2026:13:52:12 -0300] "GET /wp-content/themes/hello-elementor/assets/css/theme.css?ver=3.4.4 HTTP/1.1" 200 1127 "https://www.mundofce.com.br/" "Mozilla/5.0 (Linux; Android 6.0.1; Nexus 5X Build/MMB29P) AppleWebKit/537.36 (KHTML, like Gecko) Chrome/150.0.7871.186 Mobile Safari/537.36 (compatible; Googlebot/2.1; +http://www.google.com/bot.html)"
66.249.77.33 - - [04/Aug/2026:13:52:13 -0300] "GET /wp-content/plugins/elementor/assets/css/widget-image.min.css?ver=3.31.5 HTTP/1.1" 200 120 "https://www.mundofce.com.br/" "Mozilla/5.0 (Linux; Android 6.0.1; Nexus 5X Build/MMB29P) AppleWebKit/537.36 (KHTML, like Gecko) Chrome/150.0.7871.186 Mobile Safari/537.36 (compatible; Googlebot/2.1; +http://www.google.com/bot.html)"
66.249.77.33 - - [04/Aug/2026:13:52:13 -0300] "GET /wp-content/themes/hello-elementor/assets/js/hello-frontend.js?ver=3.4.4 HTTP/1.1" 200 496 "https://www.mundofce.com.br/" "Mozilla/5.0 (Linux; Android 6.0.1; Nexus 5X Build/MMB29P) AppleWebKit/537.36 (KHTML, like Gecko) Chrome/150.0.7871.186 Mobile Safari/537.36 (compatible; Googlebot/2.1; +http://www.google.com/bot.html)"
66.249.77.33 - - [04/Aug/2026:13:52:14 -0300] "GET /wp-content/plugins/elementor/assets/lib/animations/styles/fadeInRight.min.css?ver=3.31.5 HTTP/1.1" 200 139 "https://www.mundofce.com.br/" "Mozilla/5.0 AppleWebKit/537.36 (KHTML, like Gecko; compatible; Googlebot/2.1; +http://www.google.com/bot.html) Chrome/150.0.7871.186 Safari/537.36"
66.249.77.33 - - [04/Aug/2026:13:52:14 -0300] "GET /wp-content/uploads/elementor/google-fonts/css/chakrapetch.css?ver=1757672591 HTTP/1.1" 200 815 "https://www.mundofce.com.br/" "Mozilla/5.0 (Linux; Android 6.0.1; Nexus 5X Build/MMB29P) AppleWebKit/537.36 (KHTML, like Gecko) Chrome/150.0.7871.186 Mobile Safari/537.36 (compatible; Googlebot/2.1; +http://www.google.com/bot.html)"
66.249.77.32 - - [04/Aug/2026:13:52:17 -0300] "GET /wp-content/plugins/elementor/assets/lib/animations/styles/fadeIn.min.css?ver=3.31.5 HTTP/1.1" 200 77 "https://www.mundofce.com.br/" "Mozilla/5.0 (Linux; Android 6.0.1; Nexus 5X Build/MMB29P) AppleWebKit/537.36 (KHTML, like Gecko) Chrome/150.0.7871.186 Mobile Safari/537.36 (compatible; Googlebot/2.1; +http://www.google.com/bot.html)"
66.249.77.32 - - [04/Aug/2026:13:52:19 -0300] "GET /wp-content/uploads/elementor/google-fonts/css/roboto.css?ver=1757671783 HTTP/1.1" 200 1866 "https://www.mundofce.com.br/" "Mozilla/5.0 AppleWebKit/537.36 (KHTML, like Gecko; compatible; Googlebot/2.1; +http://www.google.com/bot.html) Chrome/150.0.7871.186 Safari/537.36"
66.249.77.32 - - [04/Aug/2026:13:52:20 -0300] "GET /wp-includes/js/jquery/jquery-migrate.min.js?ver=3.4.1 HTTP/1.1" 200 4671 "https://www.mundofce.com.br/" "Mozilla/5.0 (Linux; Android 6.0.1; Nexus 5X Build/MMB29P) AppleWebKit/537.36 (KHTML, like Gecko) Chrome/150.0.7871.186 Mobile Safari/537.36 (compatible; Googlebot/2.1; +http://www.google.com/bot.html)"
66.249.77.32 - - [04/Aug/2026:13:52:21 -0300] "GET /wp-content/uploads/elementor/css/post-8.css?ver=1779455133 HTTP/1.1" 200 9060 "https://www.mundofce.com.br/" "Mozilla/5.0 AppleWebKit/537.36 (KHTML, like Gecko; compatible; Googlebot/2.1; +http://www.google.com/bot.html) Chrome/150.0.7871.186 Safari/537.36"
66.249.77.32 - - [04/Aug/2026:13:52:23 -0300] "GET /wp-content/plugins/elementor/assets/css/conditionals/e-swiper.min.css?ver=3.31.5 HTTP/1.1" 200 695 "https://www.mundofce.com.br/" "Mozilla/5.0 (Linux; Android 6.0.1; Nexus 5X Build/MMB29P) AppleWebKit/537.36 (KHTML, like Gecko) Chrome/150.0.7871.186 Mobile Safari/537.36 (compatible; Googlebot/2.1; +http://www.google.com/bot.html)"
66.249.77.34 - - [04/Aug/2026:13:52:11 -0300] "GET / HTTP/1.1" 200 23720 "-" "Mozilla/5.0 (Linux; Android 6.0.1; Nexus 5X Build/MMB29P) AppleWebKit/537.36 (KHTML, like Gecko) Chrome/99.0.4844.84 Mobile Safari/537.36 (compatible; Googlebot/2.1; +http://www.google.com/bot.html)"
66.249.77.32 - - [04/Aug/2026:13:52:14 -0300] "GET /wp-content/uploads/elementor/google-fonts/css/inter.css?ver=1757671924 HTTP/1.1" 200 905 "https://www.mundofce.com.br/" "Mozilla/5.0 (Linux; Android 6.0.1; Nexus 5X Build/MMB29P) AppleWebKit/537.36 (KHTML, like Gecko) Chrome/150.0.7871.186 Mobile Safari/537.36 (compatible; Googlebot/2.1; +http://www.google.com/bot.html)"
66.249.77.33 - - [04/Aug/2026:13:52:16 -0300] "GET /wp-content/plugins/elementor/assets/css/widget-icon-list.min.css?ver=3.31.5 HTTP/1.1" 200 954 "https://www.mundofce.com.br/" "Mozilla/5.0 AppleWebKit/537.36 (KHTML, like Gecko; compatible; Googlebot/2.1; +http://www.google.com/bot.html) Chrome/150.0.7871.186 Safari/537.36"
66.249.77.32 - - [04/Aug/2026:13:52:16 -0300] "GET /wp-includes/js/jquery/jquery.min.js?ver=3.7.1 HTTP/1.1" 200 29531 "https://www.mundofce.com.br/" "Mozilla/5.0 (Linux; Android 6.0.1; Nexus 5X Build/MMB29P) AppleWebKit/537.36 (KHTML, like Gecko) Chrome/150.0.7871.186 Mobile Safari/537.36 (compatible; Googlebot/2.1; +http://www.google.com/bot.html)"
66.249.77.32 - - [04/Aug/2026:13:52:17 -0300] "GET /wp-content/plugins/elementor/assets/css/widget-divider.min.css?ver=3.31.5 HTTP/1.1" 200 696 "https://www.mundofce.com.br/" "Mozilla/5.0 AppleWebKit/537.36 (KHTML, like Gecko; compatible; Googlebot/2.1; +http://www.google.com/bot.html) Chrome/150.0.7871.186 Safari/537.36"
66.249.77.32 - - [04/Aug/2026:13:52:18 -0300] "GET /wp-content/themes/hello-elementor/assets/css/header-footer.css?ver=3.4.4 HTTP/1.1" 200 1259 "https://www.mundofce.com.br/" "Mozilla/5.0 AppleWebKit/537.36 (KHTML, like Gecko; compatible; Googlebot/2.1; +http://www.google.com/bot.html) Chrome/150.0.7871.186 Safari/537.36"
66.249.77.32 - - [04/Aug/2026:13:52:20 -0300] "GET /wp-content/plugins/elementor/assets/lib/animations/styles/fadeInLeft.min.css?ver=3.31.5 HTTP/1.1" 200 137 "https://www.mundofce.com.br/" "Mozilla/5.0 AppleWebKit/537.36 (KHTML, like Gecko; compatible; Googlebot/2.1; +http://www.google.com/bot.html) Chrome/150.0.7871.186 Safari/537.36"
66.249.77.32 - - [04/Aug/2026:13:52:20 -0300] "GET /wp-content/plugins/elementor/assets/css/frontend.min.css?ver=3.31.5 HTTP/1.1" 200 6454 "https://www.mundofce.com.br/" "Mozilla/5.0 (Linux; Android 6.0.1; Nexus 5X Build/MMB29P) AppleWebKit/537.36 (KHTML, like Gecko) Chrome/150.0.7871.186 Mobile Safari/537.36 (compatible; Googlebot/2.1; +http://www.google.com/bot.html)"
66.249.77.32 - - [04/Aug/2026:13:52:25 -0300] "GET /favicon.ico HTTP/1.1" 404 1251 "-" "Googlebot-Image/1.0"
66.249.77.34 - - [04/Aug/2026:13:52:08 -0300] "GET /robots.txt HTTP/1.1" 200 97 "-" "Mozilla/5.0 (compatible; Googlebot/2.1; +http://www.google.com/bot.html)"
66.249.77.33 - - [04/Aug/2026:13:52:13 -0300] "GET /wp-content/themes/hello-elementor/assets/css/reset.css?ver=3.4.4 HTTP/1.1" 200 1575 "https://www.mundofce.com.br/" "Mozilla/5.0 AppleWebKit/537.36 (KHTML, like Gecko; compatible; Googlebot/2.1; +http://www.google.com/bot.html) Chrome/150.0.7871.186 Safari/537.36"
66.249.77.33 - - [04/Aug/2026:13:52:13 -0300] "GET /wp-content/uploads/elementor/google-fonts/css/plusjakartasans.css?ver=1757672580 HTTP/1.1" 200 657 "https://www.mundofce.com.br/" "Mozilla/5.0 AppleWebKit/537.36 (KHTML, like Gecko; compatible; Googlebot/2.1; +http://www.google.com/bot.html) Chrome/150.0.7871.186 Safari/537.36"
66.249.77.32 - - [04/Aug/2026:13:52:16 -0300] "GET /wp-content/plugins/elementor/assets/lib/swiper/v8/css/swiper.min.css?ver=8.4.5 HTTP/1.1" 200 4214 "https://www.mundofce.com.br/" "Mozilla/5.0 AppleWebKit/537.36 (KHTML, like Gecko; compatible; Googlebot/2.1; +http://www.google.com/bot.html) Chrome/150.0.7871.186 Safari/537.36"
66.249.77.32 - - [04/Aug/2026:13:52:18 -0300] "GET /wp-content/plugins/elementor/assets/css/widget-nested-accordion.min.css?ver=3.31.5 HTTP/1.1" 200 723 "https://www.mundofce.com.br/" "Mozilla/5.0 AppleWebKit/537.36 (KHTML, like Gecko; compatible; Googlebot/2.1; +http://www.google.com/bot.html) Chrome/150.0.7871.186 Safari/537.36"
66.249.77.32 - - [04/Aug/2026:13:52:18 -0300] "GET /wp-content/uploads/elementor/google-fonts/css/robotoslab.css?ver=1757672039 HTTP/1.1" 200 718 "https://www.mundofce.com.br/" "Mozilla/5.0 AppleWebKit/537.36 (KHTML, like Gecko; compatible; Googlebot/2.1; +http://www.google.com/bot.html) Chrome/150.0.7871.186 Safari/537.36"
66.249.77.32 - - [04/Aug/2026:13:52:24 -0300] "GET /wp-content/plugins/elementor/assets/js/webpack.runtime.min.js?ver=3.31.5 HTTP/1.1" 200 2310 "https://www.mundofce.com.br/" "Mozilla/5.0 AppleWebKit/537.36 (KHTML, like Gecko; compatible; Googlebot/2.1; +http://www.google.com/bot.html) Chrome/150.0.7871.186 Safari/537.36"
216.73.216.108 - - [04/Aug/2026:14:03:28 -0300] "GET /robots.txt HTTP/1.1" 200 97 "-" "Mozilla/5.0 AppleWebKit/537.36 (KHTML, like Gecko; compatible; ClaudeBot/1.0; [email protected])"
216.73.216.108 - - [04/Aug/2026:14:03:29 -0300] "GET /wp-sitemap.xml HTTP/1.1" 200 193 "-" "Mozilla/5.0 AppleWebKit/537.36 (KHTML, like Gecko; compatible; ClaudeBot/1.0; [email protected])"
134.19.184.158 - - [04/Aug/2026:14:08:33 -0300] "GET /backend/backend/auth/signin HTTP/1.1" 301 0 "-" "Go-http-client/1.1"
134.19.184.158 - - [04/Aug/2026:14:08:34 -0300] "GET /backend/backend/auth/signin HTTP/1.1" 404 6158 "https://mundofce.com.br/backend/backend/auth/signin" "Go-http-client/1.1"
104.210.140.137 - - [04/Aug/2026:15:10:50 -0300] "GET /robots.txt HTTP/1.1" 301 0 "-" "Mozilla/5.0 (Macintosh; Intel Mac OS X 10_15_7) AppleWebKit/537.36 (KHTML, like Gecko) Chrome/131.0.0.0 Safari/537.36; compatible; OAI-SearchBot/1.0; +https://openai.com/searchbot"
177.154.190.245 - - [04/Aug/2026:15:10:51 -0300] "POST /wp-cron.php?doing_wp_cron=1785867051.7252979278564453125000 HTTP/1.1" 200 0 "-" "WordPress/7.0.2; https://www.mundofce.com.br"
104.210.140.135 - - [04/Aug/2026:15:10:52 -0300] "GET /robots.txt HTTP/1.1" 200 97 "-" "Mozilla/5.0 (Macintosh; Intel Mac OS X 10_15_7) AppleWebKit/537.36 (KHTML, like Gecko) Chrome/131.0.0.0 Safari/537.36; compatible; OAI-SearchBot/1.0; +https://openai.com/searchbot"
177.154.190.245 - - [04/Aug/2026:16:55:42 -0300] "POST /wp-cron.php?doing_wp_cron=1785873342.0280539989471435546875 HTTP/1.1" 200 0 "-" "WordPress/7.0.2; https://www.mundofce.com.br"
159.223.113.65 - - [04/Aug/2026:16:55:45 -0300] "GET / HTTP/1.1" 200 23719 "https://mundofce.com.br" "Mozilla/5.0 (Windows NT 10.0; Win64; x64) AppleWebKit/537.36 (KHTML, like Gecko) Chrome/120.0.0.0 Safari/537.36"
2a03:2880:f800:1e:: - - [04/Aug/2026:17:00:38 -0300] "GET /wp-sitemap.xml HTTP/1.1" 200 193 "-" "Mozilla/5.0 (Macintosh; Intel Mac OS X 10_15_7) AppleWebKit/537.36 (KHTML, like Gecko) Chrome/145.0.0.0 Safari/537.36 (compatible; meta-externalagent/1.1 (+https://developers.facebook.com/docs/sharing/webmasters/crawler))"
159.223.113.65 - - [04/Aug/2026:16:55:41 -0300] "GET / HTTP/1.1" 301 0 "-" "Mozilla/5.0 (Windows NT 10.0; Win64; x64) AppleWebKit/537.36 (KHTML, like Gecko) Chrome/120.0.0.0 Safari/537.36"
216.73.216.108 - - [04/Aug/2026:17:00:43 -0300] "GET /wp-sitemap.xml HTTP/1.1" 200 193 "-" "Mozilla/5.0 AppleWebKit/537.36 (KHTML, like Gecko; compatible; ClaudeBot/1.0; [email protected])"
216.73.216.108 - - [04/Aug/2026:17:00:42 -0300] "GET /robots.txt HTTP/1.1" 200 97 "-" "Mozilla/5.0 AppleWebKit/537.36 (KHTML, like Gecko; compatible; ClaudeBot/1.0; [email protected])"
2a03:2880:f800:45:: - - [04/Aug/2026:19:07:49 -0300] "GET /2025/09/10/hello-world/ HTTP/1.1" 429 0 "-" "Mozilla/5.0 (Windows NT 10.0; Win64; x64) AppleWebKit/537.36 (KHTML, like Gecko) Chrome/145.0.0.0 Safari/537.36 (compatible; meta-externalagent/1.1 (+https://developers.facebook.com/docs/sharing/webmasters/crawler))"
177.154.190.245 - - [04/Aug/2026:20:12:57 -0300] "POST /wp-cron.php?doing_wp_cron=1785885177.2514150142669677734375 HTTP/1.1" 200 0 "-" "WordPress/7.0.2; https://www.mundofce.com.br"
216.73.216.108 - - [04/Aug/2026:20:12:57 -0300] "GET /wp-sitemap.xml HTTP/1.1" 200 193 "-" "Mozilla/5.0 AppleWebKit/537.36 (KHTML, like Gecko; compatible; ClaudeBot/1.0; [email protected])"
216.73.216.108 - - [04/Aug/2026:20:12:56 -0300] "GET /robots.txt HTTP/1.1" 200 97 "-" "Mozilla/5.0 AppleWebKit/537.36 (KHTML, like Gecko; compatible; ClaudeBot/1.0; [email protected])"
177.154.190.245 - - [04/Aug/2026:22:57:20 -0300] "POST /wp-cron.php?doing_wp_cron=1785895040.4166200160980224609375 HTTP/1.1" 200 0 "-" "WordPress/7.0.2; https://www.mundofce.com.br"
216.73.216.108 - - [04/Aug/2026:22:57:22 -0300] "GET /wp-sitemap.xml HTTP/1.1" 200 193 "-" "Mozilla/5.0 AppleWebKit/537.36 (KHTML, like Gecko; compatible; ClaudeBot/1.0; [email protected])"
216.73.216.108 - - [04/Aug/2026:22:57:20 -0300] "GET /robots.txt HTTP/1.1" 200 97 "-" "Mozilla/5.0 AppleWebKit/537.36 (KHTML, like Gecko; compatible; ClaudeBot/1.0; [email protected])"
177.154.190.245 - - [05/Aug/2026:00:11:57 -0300] "POST /wp-cron.php?doing_wp_cron=1785899517.7088699340820312500000 HTTP/1.1" 200 0 "-" "WordPress/7.0.2; https://www.mundofce.com.br"
20.114.149.73 - - [05/Aug/2026:00:11:57 -0300] "GET / HTTP/1.1" 301 0 "https://duckduckgo.com/" "Mozilla/5.0 (X11; Linux x86_64) AppleWebKit/537.36 (KHTML, like Gecko) Chrome/124.0.0.0 Safari/537.36"