File: //home/empresam/access-logs/ipcursoonline.com.br.empresamonetizeionline.com.br
43.133.220.37 - - [05/Aug/2026:09:26:13 -0300] "GET / HTTP/1.1" 301 0 "-" "Mozilla/5.0 (iPhone; CPU iPhone OS 13_2_3 like Mac OS X) AppleWebKit/605.1.15 (KHTML, like Gecko) Version/13.0.3 Mobile/15E148 Safari/604.1"
43.133.220.37 - - [05/Aug/2026:09:26:16 -0300] "GET / HTTP/1.1" 200 12359 "http://www.ipcursoonline.com.br" "Mozilla/5.0 (iPhone; CPU iPhone OS 13_2_3 like Mac OS X) AppleWebKit/605.1.15 (KHTML, like Gecko) Version/13.0.3 Mobile/15E148 Safari/604.1"
177.154.190.245 - - [05/Aug/2026:09:26:14 -0300] "POST /wp-cron.php?doing_wp_cron=1785932774.8209400177001953125000 HTTP/1.1" 200 0 "-" "WordPress/7.0.2; https://ipcursoonline.com.br"
177.154.190.245 - - [05/Aug/2026:10:46:20 -0300] "GET /.well-known/acme-challenge/-H4R0TECXAQ948HCFU7UNF49VAUJU91P HTTP/1.1" 200 64 "-" "Cpanel-HTTP-Client/1.0"
2a06:98c0:3600::103 - - [05/Aug/2026:10:25:22 -0300] "GET /wp-admin/install.php?step=1 HTTP/1.1" 200 570 "-" "http://ipcursoonline.com.br/wp-admin/install.php?step=1"
177.154.190.245 - - [05/Aug/2026:10:46:20 -0300] "GET /.well-known/acme-challenge/J8SZR6-V1TL1FQ75UUNHU90AMW0V73DX HTTP/1.1" 200 64 "-" "Cpanel-HTTP-Client/1.0"
177.154.190.245 - - [05/Aug/2026:10:25:23 -0300] "POST /wp-cron.php?doing_wp_cron=1785936323.3886990547180175781250 HTTP/1.1" 200 0 "-" "WordPress/7.0.2; https://ipcursoonline.com.br"
177.154.190.245 - - [05/Aug/2026:10:46:20 -0300] "GET /.well-known/acme-challenge/D76I-Q64ICFEO6DF9_SRF3X2IMK-8VVX HTTP/1.1" 200 64 "-" "Cpanel-HTTP-Client/1.0"
1.15.52.154 - - [05/Aug/2026:11:56:20 -0300] "GET / HTTP/1.1" 301 0 "-" "Mozilla/5.0 (iPhone; CPU iPhone OS 13_2_3 like Mac OS X) AppleWebKit/605.1.15 (KHTML, like Gecko) Version/13.0.3 Mobile/15E148 Safari/604.1"
1.15.52.154 - - [05/Aug/2026:11:56:25 -0300] "GET / HTTP/1.1" 200 12359 "http://www.ipcursoonline.com.br" "Mozilla/5.0 (iPhone; CPU iPhone OS 13_2_3 like Mac OS X) AppleWebKit/605.1.15 (KHTML, like Gecko) Version/13.0.3 Mobile/15E148 Safari/604.1"
177.154.190.245 - - [05/Aug/2026:11:56:21 -0300] "POST /wp-cron.php?doing_wp_cron=1785941781.3151779174804687500000 HTTP/1.1" 200 0 "-" "WordPress/7.0.2; https://ipcursoonline.com.br"
2a06:98c0:3600::103 - - [05/Aug/2026:12:22:39 -0300] "GET /wp-admin/install.php?step=1 HTTP/1.1" 200 570 "-" "http://ipcursoonline.com.br/wp-admin/install.php?step=1"
43.157.22.109 - - [05/Aug/2026:12:17:09 -0300] "GET / HTTP/1.1" 200 12327 "-" "Mozilla/5.0 (iPhone; CPU iPhone OS 13_2_3 like Mac OS X) AppleWebKit/605.1.15 (KHTML, like Gecko) Version/13.0.3 Mobile/15E148 Safari/604.1"
177.154.190.245 - - [05/Aug/2026:12:22:40 -0300] "POST /wp-cron.php?doing_wp_cron=1785943360.1087489128112792968750 HTTP/1.1" 200 0 "-" "WordPress/7.0.2; https://ipcursoonline.com.br"
43.166.255.122 - - [05/Aug/2026:12:58:33 -0300] "GET / HTTP/1.1" 301 0 "-" "Mozilla/5.0 (iPhone; CPU iPhone OS 13_2_3 like Mac OS X) AppleWebKit/605.1.15 (KHTML, like Gecko) Version/13.0.3 Mobile/15E148 Safari/604.1"
43.166.255.122 - - [05/Aug/2026:12:58:35 -0300] "GET / HTTP/1.1" 200 12359 "http://www.ipcursoonline.com.br" "Mozilla/5.0 (iPhone; CPU iPhone OS 13_2_3 like Mac OS X) AppleWebKit/605.1.15 (KHTML, like Gecko) Version/13.0.3 Mobile/15E148 Safari/604.1"
177.154.190.245 - - [05/Aug/2026:12:58:34 -0300] "POST /wp-cron.php?doing_wp_cron=1785945514.5869910717010498046875 HTTP/1.1" 200 0 "-" "WordPress/7.0.2; https://ipcursoonline.com.br"
177.154.190.245 - - [05/Aug/2026:13:46:19 -0300] "GET /.well-known/acme-challenge/-3S_XRK0G-5IQJGVVAIQUU_4_YY46431 HTTP/1.1" 200 64 "-" "Cpanel-HTTP-Client/1.0"
177.154.190.245 - - [05/Aug/2026:13:46:19 -0300] "GET /.well-known/acme-challenge/AKX5BCDFM-2HS2MF00V5WG5PXHNZ_XIS HTTP/1.1" 200 64 "-" "Cpanel-HTTP-Client/1.0"
177.154.190.245 - - [05/Aug/2026:13:46:19 -0300] "GET /.well-known/acme-challenge/5E6WNAO45Y45PU6ZQBU3KWC1_UJYYHID HTTP/1.1" 200 64 "-" "Cpanel-HTTP-Client/1.0"
177.154.190.245 - - [05/Aug/2026:14:44:21 -0300] "POST /wp-cron.php?doing_wp_cron=1785951861.5331859588623046875000 HTTP/1.1" 200 0 "-" "WordPress/7.0.2; https://ipcursoonline.com.br"
2a06:98c0:3600::103 - - [05/Aug/2026:14:44:21 -0300] "GET /wp-admin/install.php?step=1 HTTP/1.1" 200 570 "-" "http://ipcursoonline.com.br/wp-admin/install.php?step=1"
177.154.190.245 - - [05/Aug/2026:16:27:34 -0300] "POST /wp-cron.php?doing_wp_cron=1785958054.1780250072479248046875 HTTP/1.1" 200 0 "-" "WordPress/7.0.2; https://ipcursoonline.com.br"
66.249.77.196 - - [05/Aug/2026:16:27:32 -0300] "GET /robots.txt HTTP/1.1" 200 98 "-" "Mozilla/5.0 (compatible; Googlebot/2.1; +http://www.google.com/bot.html)"
177.154.190.245 - - [05/Aug/2026:16:39:24 -0300] "POST /wp-cron.php?doing_wp_cron=1785958764.7844099998474121093750 HTTP/1.1" 200 0 "-" "WordPress/7.0.2; https://ipcursoonline.com.br"
2a06:98c0:3600::103 - - [05/Aug/2026:16:39:24 -0300] "GET /wp-admin/install.php?step=1 HTTP/1.1" 200 570 "-" "http://ipcursoonline.com.br/wp-admin/install.php?step=1"
177.154.190.245 - - [05/Aug/2026:16:46:11 -0300] "GET /.well-known/acme-challenge/N9W_ONVYP2FPMBD9-41XUF398WO0KDQ3 HTTP/1.1" 200 64 "-" "Cpanel-HTTP-Client/1.0"
177.154.190.245 - - [05/Aug/2026:16:46:11 -0300] "GET /.well-known/acme-challenge/U61RX_GJX45CQKA6FPFR40LA9V8AGVTO HTTP/1.1" 200 64 "-" "Cpanel-HTTP-Client/1.0"
177.154.190.245 - - [05/Aug/2026:16:46:11 -0300] "GET /.well-known/acme-challenge/RAKE_OCCVBJ1GL5U67OH4OGN_QHP1Z5C HTTP/1.1" 200 64 "-" "Cpanel-HTTP-Client/1.0"
177.154.190.245 - - [05/Aug/2026:17:49:09 -0300] "POST /wp-cron.php?doing_wp_cron=1785962949.0367300510406494140625 HTTP/1.1" 200 0 "-" "WordPress/7.0.2; https://ipcursoonline.com.br"
170.106.37.134 - - [05/Aug/2026:17:49:07 -0300] "GET / HTTP/1.1" 200 12314 "-" "Mozilla/5.0 (iPhone; CPU iPhone OS 13_2_3 like Mac OS X) AppleWebKit/605.1.15 (KHTML, like Gecko) Version/13.0.3 Mobile/15E148 Safari/604.1"
139.155.126.16 - - [05/Aug/2026:18:08:08 -0300] "GET / HTTP/1.1" 200 12327 "-" "Mozilla/5.0 (iPhone; CPU iPhone OS 13_2_3 like Mac OS X) AppleWebKit/605.1.15 (KHTML, like Gecko) Version/13.0.3 Mobile/15E148 Safari/604.1"
177.154.190.245 - - [05/Aug/2026:18:31:33 -0300] "POST /wp-cron.php?doing_wp_cron=1785965493.0932929515838623046875 HTTP/1.1" 200 0 "-" "WordPress/7.0.2; https://ipcursoonline.com.br"
207.175.147.163 - - [05/Aug/2026:18:36:44 -0300] "GET / HTTP/1.1" 200 11762 "-" "Mozilla/5.0 (Windows NT 10.0; Win64; x64) AppleWebKit/537.36 (KHTML, like Gecko) Chrome/116.0.0.0 Safari/537.36"
2a06:98c0:3600::103 - - [05/Aug/2026:18:31:32 -0300] "GET /wp-admin/install.php?step=1 HTTP/1.1" 200 570 "-" "http://ipcursoonline.com.br/wp-admin/install.php?step=1"
34.79.134.10 - - [05/Aug/2026:18:38:21 -0300] "GET / HTTP/1.1" 200 11778 "-" "Mozilla/5.0 (Windows NT 10.0; Win64; x64) AppleWebKit/537.36 (KHTML, like Gecko) Chrome/116.0.0.0 Safari/537.36"
207.175.147.163 - - [05/Aug/2026:18:36:43 -0300] "GET / HTTP/1.1" 301 0 "-" "Mozilla/5.0 (Windows NT 10.0; Win64; x64) AppleWebKit/537.36 (KHTML, like Gecko) Chrome/116.0.0.0 Safari/537.36"
177.154.190.245 - - [05/Aug/2026:18:43:24 -0300] "POST /wp-cron.php?doing_wp_cron=1785966204.4266870021820068359375 HTTP/1.1" 200 0 "-" "WordPress/7.0.2; https://ipcursoonline.com.br"
43.130.60.195 - - [05/Aug/2026:18:43:23 -0300] "GET / HTTP/1.1" 301 0 "-" "Mozilla/5.0 (iPhone; CPU iPhone OS 13_2_3 like Mac OS X) AppleWebKit/605.1.15 (KHTML, like Gecko) Version/13.0.3 Mobile/15E148 Safari/604.1"
43.130.60.195 - - [05/Aug/2026:18:43:32 -0300] "GET / HTTP/1.1" 200 12361 "http://www.ipcursoonline.com.br" "Mozilla/5.0 (iPhone; CPU iPhone OS 13_2_3 like Mac OS X) AppleWebKit/605.1.15 (KHTML, like Gecko) Version/13.0.3 Mobile/15E148 Safari/604.1"
43.130.40.120 - - [05/Aug/2026:18:47:52 -0300] "GET / HTTP/1.1" 200 12327 "-" "Mozilla/5.0 (iPhone; CPU iPhone OS 13_2_3 like Mac OS X) AppleWebKit/605.1.15 (KHTML, like Gecko) Version/13.0.3 Mobile/15E148 Safari/604.1"
177.154.190.245 - - [05/Aug/2026:19:46:27 -0300] "GET /.well-known/acme-challenge/17YBBZ3LVITWOGC38395OCP_9WWX9Y-L HTTP/1.1" 200 64 "-" "Cpanel-HTTP-Client/1.0"
177.154.190.245 - - [05/Aug/2026:19:46:28 -0300] "GET /.well-known/acme-challenge/KKRW_4K76G-NDHQDPRBIPBBENTEDZA4R HTTP/1.1" 200 64 "-" "Cpanel-HTTP-Client/1.0"
177.154.190.245 - - [05/Aug/2026:19:46:28 -0300] "GET /.well-known/acme-challenge/KZ_B_RYJIM5IIMZ2GTIXJA8KS-E_7A31 HTTP/1.1" 200 64 "-" "Cpanel-HTTP-Client/1.0"
177.154.190.245 - - [05/Aug/2026:20:27:28 -0300] "POST /wp-cron.php?doing_wp_cron=1785972448.7163150310516357421875 HTTP/1.1" 200 0 "-" "WordPress/7.0.2; https://ipcursoonline.com.br"
2a06:98c0:3600::103 - - [05/Aug/2026:20:27:28 -0300] "GET /wp-admin/install.php?step=1 HTTP/1.1" 200 570 "-" "http://ipcursoonline.com.br/wp-admin/install.php?step=1"
177.154.190.245 - - [05/Aug/2026:20:26:41 -0300] "POST /wp-cron.php?doing_wp_cron=1785972401.0134379863739013671875 HTTP/1.1" 200 0 "-" "WordPress/7.0.2; https://ipcursoonline.com.br"
2a06:98c0:3600::103 - - [05/Aug/2026:20:26:40 -0300] "GET /wp-admin/install.php?step=1 HTTP/1.1" 200 570 "-" "http://ipcursoonline.com.br/wp-admin/install.php?step=1"