189.103.101.217 - - [23/Jan/2026:11:42:31 -0300] "GET /wp-admin/js/inline-edit-post.min.js?ver=6.9 HTTP/1.1" 200 3116 "https://arquitetas.online/wp-admin/edit.php?post_type=page" "Mozilla/5.0 (Windows NT 10.0; Win64; x64) AppleWebKit/537.36 (KHTML, like Gecko) Chrome/143.0.0.0 Safari/537.36"
189.103.101.217 - - [23/Jan/2026:11:42:31 -0300] "GET /wp-json/wp/v2/users/me?context=edit&_locale=user HTTP/1.1" 200 2751 "https://arquitetas.online/wp-admin/edit.php?post_type=page" "Mozilla/5.0 (Windows NT 10.0; Win64; x64) AppleWebKit/537.36 (KHTML, like Gecko) Chrome/143.0.0.0 Safari/537.36"
177.154.190.245 - - [23/Jan/2026:11:44:33 -0300] "POST /wp-admin/admin-ajax.php?action=async_litespeed&nonce=Nk6kSRjZQHpLSeseMRkb2v9btMdodSDu&litespeed_type=imgoptm HTTP/1.1" 200 5 "-" "WordPress/6.9; https://arquitetas.online"
189.103.101.217 - - [23/Jan/2026:11:44:36 -0300] "GET /wp-includes/js/mediaelement/mediaelementplayer-legacy.min.css?ver=4.2.17 HTTP/1.1" 200 2379 "https://arquitetas.online/wp-admin/post-new.php?post_type=page" "Mozilla/5.0 (Windows NT 10.0; Win64; x64) AppleWebKit/537.36 (KHTML, like Gecko) Chrome/143.0.0.0 Safari/537.36"
189.103.101.217 - - [23/Jan/2026:11:44:36 -0300] "GET /wp-includes/js/dist/latex-to-mathml.min.js?ver=960cef31b586960935b4 HTTP/1.1" 200 53248 "https://arquitetas.online/wp-admin/post-new.php?post_type=page" "Mozilla/5.0 (Windows NT 10.0; Win64; x64) AppleWebKit/537.36 (KHTML, like Gecko) Chrome/143.0.0.0 Safari/537.36"
189.103.101.217 - - [23/Jan/2026:11:44:36 -0300] "GET /wp-includes/js/dist/patterns.min.js?ver=4131f04a041db58120d8 HTTP/1.1" 200 7000 "https://arquitetas.online/wp-admin/post-new.php?post_type=page" "Mozilla/5.0 (Windows NT 10.0; Win64; x64) AppleWebKit/537.36 (KHTML, like Gecko) Chrome/143.0.0.0 Safari/537.36"
189.103.101.217 - - [23/Jan/2026:11:44:36 -0300] "GET /wp-includes/js/dist/editor.min.js?ver=2239c699a89c6b9bc64f HTTP/1.1" 200 113881 "https://arquitetas.online/wp-admin/post-new.php?post_type=page" "Mozilla/5.0 (Windows NT 10.0; Win64; x64) AppleWebKit/537.36 (KHTML, like Gecko) Chrome/143.0.0.0 Safari/537.36"
189.103.101.217 - - [23/Jan/2026:11:44:36 -0300] "GET /wp-admin/js/editor.min.js?ver=6.9 HTTP/1.1" 200 4503 "https://arquitetas.online/wp-admin/post-new.php?post_type=page" "Mozilla/5.0 (Windows NT 10.0; Win64; x64) AppleWebKit/537.36 (KHTML, like Gecko) Chrome/143.0.0.0 Safari/537.36"
189.103.101.217 - - [23/Jan/2026:11:44:36 -0300] "GET /wp-includes/js/dist/server-side-render.min.js?ver=7db2472793a2abb97aa5 HTTP/1.1" 200 1441 "https://arquitetas.online/wp-admin/post-new.php?post_type=page" "Mozilla/5.0 (Windows NT 10.0; Win64; x64) AppleWebKit/537.36 (KHTML, like Gecko) Chrome/143.0.0.0 Safari/537.36"
189.103.101.217 - - [23/Jan/2026:11:44:36 -0300] "GET /wp-includes/js/dist/viewport.min.js?ver=f07b4909c08cfe9de4e2 HTTP/1.1" 200 904 "https://arquitetas.online/wp-admin/post-new.php?post_type=page" "Mozilla/5.0 (Windows NT 10.0; Win64; x64) AppleWebKit/537.36 (KHTML, like Gecko) Chrome/143.0.0.0 Safari/537.36"
189.103.101.217 - - [23/Jan/2026:11:44:36 -0300] "GET /wp-includes/js/mediaelement/wp-mediaelement.min.js?ver=6.9 HTTP/1.1" 200 453 "https://arquitetas.online/wp-admin/post-new.php?post_type=page" "Mozilla/5.0 (Windows NT 10.0; Win64; x64) AppleWebKit/537.36 (KHTML, like Gecko) Chrome/143.0.0.0 Safari/537.36"
189.103.101.217 - - [23/Jan/2026:11:44:36 -0300] "GET /wp-includes/js/media-views.min.js?ver=6.9 HTTP/1.1" 200 24911 "https://arquitetas.online/wp-admin/post-new.php?post_type=page" "Mozilla/5.0 (Windows NT 10.0; Win64; x64) AppleWebKit/537.36 (KHTML, like Gecko) Chrome/143.0.0.0 Safari/537.36"
189.103.101.217 - - [23/Jan/2026:11:44:36 -0300] "GET /wp-includes/js/dist/edit-post.min.js?ver=f011f5ec0075a555ea9c HTTP/1.1" 200 13184 "https://arquitetas.online/wp-admin/post-new.php?post_type=page" "Mozilla/5.0 (Windows NT 10.0; Win64; x64) AppleWebKit/537.36 (KHTML, like Gecko) Chrome/143.0.0.0 Safari/537.36"
189.103.101.217 - - [23/Jan/2026:11:44:36 -0300] "GET /wp-includes/js/media-models.min.js?ver=6.9 HTTP/1.1" 200 3964 "https://arquitetas.online/wp-admin/post-new.php?post_type=page" "Mozilla/5.0 (Windows NT 10.0; Win64; x64) AppleWebKit/537.36 (KHTML, like Gecko) Chrome/143.0.0.0 Safari/537.36"
189.103.101.217 - - [23/Jan/2026:11:44:36 -0300] "GET /wp-admin/js/image-edit.min.js?ver=6.9 HTTP/1.1" 200 4456 "https://arquitetas.online/wp-admin/post-new.php?post_type=page" "Mozilla/5.0 (Windows NT 10.0; Win64; x64) AppleWebKit/537.36 (KHTML, like Gecko) Chrome/143.0.0.0 Safari/537.36"
189.103.101.217 - - [23/Jan/2026:11:44:36 -0300] "GET /wp-includes/js/wp-backbone.min.js?ver=6.9 HTTP/1.1" 200 1086 "https://arquitetas.online/wp-admin/post-new.php?post_type=page" "Mozilla/5.0 (Windows NT 10.0; Win64; x64) AppleWebKit/537.36 (KHTML, like Gecko) Chrome/143.0.0.0 Safari/537.36"
189.103.101.217 - - [23/Jan/2026:11:44:36 -0300] "GET /wp-includes/js/dist/format-library.min.js?ver=f2a1e4312beef67b86e7 HTTP/1.1" 200 9084 "https://arquitetas.online/wp-admin/post-new.php?post_type=page" "Mozilla/5.0 (Windows NT 10.0; Win64; x64) AppleWebKit/537.36 (KHTML, like Gecko) Chrome/143.0.0.0 Safari/537.36"
189.103.101.217 - - [23/Jan/2026:11:44:36 -0300] "POST /wp-json/wp/v2/users/me?_locale=user HTTP/1.1" 200 2832 "https://arquitetas.online/wp-admin/post-new.php?post_type=page" "Mozilla/5.0 (Windows NT 10.0; Win64; x64) AppleWebKit/537.36 (KHTML, like Gecko) Chrome/143.0.0.0 Safari/537.36"
189.103.101.217 - - [23/Jan/2026:11:44:37 -0300] "GET /wp-includes/css/dist/block-editor/content.min.css?ver=6.9 HTTP/1.1" 200 4445 "-" "Mozilla/5.0 (Windows NT 10.0; Win64; x64) AppleWebKit/537.36 (KHTML, like Gecko) Chrome/143.0.0.0 Safari/537.36"
189.103.101.217 - - [23/Jan/2026:11:44:37 -0300] "GET /wp-includes/css/dist/block-library/style.min.css?ver=6.9 HTTP/1.1" 200 14664 "-" "Mozilla/5.0 (Windows NT 10.0; Win64; x64) AppleWebKit/537.36 (KHTML, like Gecko) Chrome/143.0.0.0 Safari/537.36"
189.103.101.217 - - [23/Jan/2026:11:44:37 -0300] "GET /wp-admin/load-scripts.php?c=0&load%5Bchunk_0%5D=wp-polyfill&ver=6.9 HTTP/1.1" 200 12180 "-" "Mozilla/5.0 (Windows NT 10.0; Win64; x64) AppleWebKit/537.36 (KHTML, like Gecko) Chrome/143.0.0.0 Safari/537.36"
189.103.101.217 - - [23/Jan/2026:11:44:37 -0300] "GET /wp-json/wp/v2/taxonomies?context=edit&per_page=100&_locale=user HTTP/1.1" 200 8965 "https://arquitetas.online/wp-admin/post-new.php?post_type=page" "Mozilla/5.0 (Windows NT 10.0; Win64; x64) AppleWebKit/537.36 (KHTML, like Gecko) Chrome/143.0.0.0 Safari/537.36"
189.103.101.217 - - [23/Jan/2026:11:44:37 -0300] "GET /wp-json/wp/v2/wp_pattern_category?context=view&per_page=100&_fields=id%2Cname%2Cdescription%2Cslug&_locale=user HTTP/1.1" 200 2 "https://arquitetas.online/wp-admin/post-new.php?post_type=page" "Mozilla/5.0 (Windows NT 10.0; Win64; x64) AppleWebKit/537.36 (KHTML, like Gecko) Chrome/143.0.0.0 Safari/537.36"
189.103.101.217 - - [23/Jan/2026:11:44:36 -0300] "GET /wp-includes/js/plupload/wp-plupload.min.js?ver=6.9 HTTP/1.1" 200 2181 "https://arquitetas.online/wp-admin/post-new.php?post_type=page" "Mozilla/5.0 (Windows NT 10.0; Win64; x64) AppleWebKit/537.36 (KHTML, like Gecko) Chrome/143.0.0.0 Safari/537.36"
189.103.101.217 - - [23/Jan/2026:11:44:36 -0300] "GET /wp-includes/js/mediaelement/mediaelement-migrate.min.js?ver=6.9 HTTP/1.1" 200 478 "https://arquitetas.online/wp-admin/post-new.php?post_type=page" "Mozilla/5.0 (Windows NT 10.0; Win64; x64) AppleWebKit/537.36 (KHTML, like Gecko) Chrome/143.0.0.0 Safari/537.36"
189.103.101.217 - - [23/Jan/2026:11:44:36 -0300] "GET /wp-includes/js/media-editor.min.js?ver=6.9 HTTP/1.1" 200 3444 "https://arquitetas.online/wp-admin/post-new.php?post_type=page" "Mozilla/5.0 (Windows NT 10.0; Win64; x64) AppleWebKit/537.36 (KHTML, like Gecko) Chrome/143.0.0.0 Safari/537.36"
189.103.101.217 - - [23/Jan/2026:11:44:36 -0300] "GET /wp-includes/js/mce-view.min.js?ver=6.9 HTTP/1.1" 200 3429 "https://arquitetas.online/wp-admin/post-new.php?post_type=page" "Mozilla/5.0 (Windows NT 10.0; Win64; x64) AppleWebKit/537.36 (KHTML, like Gecko) Chrome/143.0.0.0 Safari/537.36"
189.103.101.217 - - [23/Jan/2026:11:44:36 -0300] "GET /wp-content/plugins/elementor/assets/js/packages/icons/icons.min.js?ver=3.28.3 HTTP/1.1" 200 76614 "https://arquitetas.online/wp-admin/post-new.php?post_type=page" "Mozilla/5.0 (Windows NT 10.0; Win64; x64) AppleWebKit/537.36 (KHTML, like Gecko) Chrome/143.0.0.0 Safari/537.36"
189.103.101.217 - - [23/Jan/2026:11:44:36 -0300] "GET /wp-content/plugins/elementor/assets/js/gutenberg.min.js?ver=3.28.3 HTTP/1.1" 200 1299 "https://arquitetas.online/wp-admin/post-new.php?post_type=page" "Mozilla/5.0 (Windows NT 10.0; Win64; x64) AppleWebKit/537.36 (KHTML, like Gecko) Chrome/143.0.0.0 Safari/537.36"
189.103.101.217 - - [23/Jan/2026:11:44:36 -0300] "GET /wp-includes/js/tinymce/plugins/compat3x/plugin.min.js?ver=49110-20250317 HTTP/1.1" 200 1661 "https://arquitetas.online/wp-admin/post-new.php?post_type=page" "Mozilla/5.0 (Windows NT 10.0; Win64; x64) AppleWebKit/537.36 (KHTML, like Gecko) Chrome/143.0.0.0 Safari/537.36"
189.103.101.217 - - [23/Jan/2026:11:44:36 -0300] "GET /wp-includes/js/tinymce/tinymce.min.js?ver=49110-20250317 HTTP/1.1" 200 118193 "https://arquitetas.online/wp-admin/post-new.php?post_type=page" "Mozilla/5.0 (Windows NT 10.0; Win64; x64) AppleWebKit/537.36 (KHTML, like Gecko) Chrome/143.0.0.0 Safari/537.36"
189.103.101.217 - - [23/Jan/2026:11:44:36 -0300] "GET /wp-json/wp/v2/users/me?context=edit&_locale=user HTTP/1.1" 200 2751 "https://arquitetas.online/wp-admin/post-new.php?post_type=page" "Mozilla/5.0 (Windows NT 10.0; Win64; x64) AppleWebKit/537.36 (KHTML, like Gecko) Chrome/143.0.0.0 Safari/537.36"
189.103.101.217 - - [23/Jan/2026:11:44:37 -0300] "GET /wp-json/wp/v2/comments?context=edit&post=352&type=note&status=all&per_page=100&_locale=user HTTP/1.1" 200 2 "https://arquitetas.online/wp-admin/post-new.php?post_type=page" "Mozilla/5.0 (Windows NT 10.0; Win64; x64) AppleWebKit/537.36 (KHTML, like Gecko) Chrome/143.0.0.0 Safari/537.36"
189.103.101.217 - - [23/Jan/2026:11:44:37 -0300] "GET /wp-json/wp/v2/blocks?context=edit&per_page=100&page=1&_locale=user HTTP/1.1" 200 2 "https://arquitetas.online/wp-admin/post-new.php?post_type=page" "Mozilla/5.0 (Windows NT 10.0; Win64; x64) AppleWebKit/537.36 (KHTML, like Gecko) Chrome/143.0.0.0 Safari/537.36"
189.103.101.217 - - [23/Jan/2026:11:44:37 -0300] "GET /wp-json/wp/v2/users/1?context=view&_fields=id%2Cname&_locale=user HTTP/1.1" 200 23 "https://arquitetas.online/wp-admin/post-new.php?post_type=page" "Mozilla/5.0 (Windows NT 10.0; Win64; x64) AppleWebKit/537.36 (KHTML, like Gecko) Chrome/143.0.0.0 Safari/537.36"
189.103.101.217 - - [23/Jan/2026:11:44:46 -0300] "POST /wp-admin/admin-ajax.php HTTP/1.1" 200 98 "https://arquitetas.online/wp-admin/post-new.php?post_type=page" "Mozilla/5.0 (Windows NT 10.0; Win64; x64) AppleWebKit/537.36 (KHTML, like Gecko) Chrome/143.0.0.0 Safari/537.36"
189.103.101.217 - - [23/Jan/2026:11:44:36 -0300] "GET /wp-includes/js/dist/wordcount.min.js?ver=c5b97f11206928ea9130 HTTP/1.1" 200 1205 "https://arquitetas.online/wp-admin/post-new.php?post_type=page" "Mozilla/5.0 (Windows NT 10.0; Win64; x64) AppleWebKit/537.36 (KHTML, like Gecko) Chrome/143.0.0.0 Safari/537.36"
189.103.101.217 - - [23/Jan/2026:11:44:36 -0300] "GET /wp-includes/js/dist/plugins.min.js?ver=039ed87b5b9f7036ceee HTTP/1.1" 200 1770 "https://arquitetas.online/wp-admin/post-new.php?post_type=page" "Mozilla/5.0 (Windows NT 10.0; Win64; x64) AppleWebKit/537.36 (KHTML, like Gecko) Chrome/143.0.0.0 Safari/537.36"
189.103.101.217 - - [23/Jan/2026:11:44:36 -0300] "GET /wp-includes/js/media-audiovideo.min.js?ver=6.9 HTTP/1.1" 200 3136 "https://arquitetas.online/wp-admin/post-new.php?post_type=page" "Mozilla/5.0 (Windows NT 10.0; Win64; x64) AppleWebKit/537.36 (KHTML, like Gecko) Chrome/143.0.0.0 Safari/537.36"
189.103.101.217 - - [23/Jan/2026:11:44:36 -0300] "GET /wp-includes/js/imgareaselect/jquery.imgareaselect.min.js?ver=6.9 HTTP/1.1" 200 3589 "https://arquitetas.online/wp-admin/post-new.php?post_type=page" "Mozilla/5.0 (Windows NT 10.0; Win64; x64) AppleWebKit/537.36 (KHTML, like Gecko) Chrome/143.0.0.0 Safari/537.36"
189.103.101.217 - - [23/Jan/2026:11:44:36 -0300] "GET /wp-content/plugins/elementor/assets/js/packages/ui/ui.min.js?ver=3.28.3 HTTP/1.1" 200 246607 "https://arquitetas.online/wp-admin/post-new.php?post_type=page" "Mozilla/5.0 (Windows NT 10.0; Win64; x64) AppleWebKit/537.36 (KHTML, like Gecko) Chrome/143.0.0.0 Safari/537.36"
189.103.101.217 - - [23/Jan/2026:11:44:36 -0300] "GET /wp-includes/js/media-grid.min.js?ver=6.9 HTTP/1.1" 200 3652 "https://arquitetas.online/wp-admin/post-new.php?post_type=page" "Mozilla/5.0 (Windows NT 10.0; Win64; x64) AppleWebKit/537.36 (KHTML, like Gecko) Chrome/143.0.0.0 Safari/537.36"
189.103.101.217 - - [23/Jan/2026:11:44:36 -0300] "GET /wp-content/plugins/elementor/assets/js/ai-media-library.min.js?ver=3.28.3 HTTP/1.1" 200 159971 "https://arquitetas.online/wp-admin/post-new.php?post_type=page" "Mozilla/5.0 (Windows NT 10.0; Win64; x64) AppleWebKit/537.36 (KHTML, like Gecko) Chrome/143.0.0.0 Safari/537.36"
189.103.101.217 - - [23/Jan/2026:11:44:36 -0300] "GET /wp-includes/js/dist/block-directory.min.js?ver=55bdef7bd3137eee623d HTTP/1.1" 200 6699 "https://arquitetas.online/wp-admin/post-new.php?post_type=page" "Mozilla/5.0 (Windows NT 10.0; Win64; x64) AppleWebKit/537.36 (KHTML, like Gecko) Chrome/143.0.0.0 Safari/537.36"
189.103.101.217 - - [23/Jan/2026:11:44:36 -0300] "GET /wp-content/plugins/elementor/assets/js/ai-gutenberg.min.js?ver=3.28.3 HTTP/1.1" 200 162241 "https://arquitetas.online/wp-admin/post-new.php?post_type=page" "Mozilla/5.0 (Windows NT 10.0; Win64; x64) AppleWebKit/537.36 (KHTML, like Gecko) Chrome/143.0.0.0 Safari/537.36"
189.103.101.217 - - [23/Jan/2026:11:44:36 -0300] "OPTIONS /wp-json/wp/v2/settings?_locale=user HTTP/1.1" 200 6981 "https://arquitetas.online/wp-admin/post-new.php?post_type=page" "Mozilla/5.0 (Windows NT 10.0; Win64; x64) AppleWebKit/537.36 (KHTML, like Gecko) Chrome/143.0.0.0 Safari/537.36"
189.103.101.217 - - [23/Jan/2026:11:44:37 -0300] "GET /wp-includes/css/dist/components/style.min.css?ver=6.9 HTTP/1.1" 200 13058 "-" "Mozilla/5.0 (Windows NT 10.0; Win64; x64) AppleWebKit/537.36 (KHTML, like Gecko) Chrome/143.0.0.0 Safari/537.36"
189.103.101.217 - - [23/Jan/2026:11:44:37 -0300] "GET /wp-includes/css/dist/block-library/editor.min.css?ver=6.9 HTTP/1.1" 200 10933 "-" "Mozilla/5.0 (Windows NT 10.0; Win64; x64) AppleWebKit/537.36 (KHTML, like Gecko) Chrome/143.0.0.0 Safari/537.36"
189.103.101.217 - - [23/Jan/2026:11:44:37 -0300] "GET /wp-json/wp/v2/templates/lookup?slug=front-page&_locale=user HTTP/1.1" 200 2 "https://arquitetas.online/wp-admin/post-new.php?post_type=page" "Mozilla/5.0 (Windows NT 10.0; Win64; x64) AppleWebKit/537.36 (KHTML, like Gecko) Chrome/143.0.0.0 Safari/537.36"
189.103.101.217 - - [23/Jan/2026:11:44:54 -0300] "POST /wp-json/wp/v2/users/me?_locale=user HTTP/1.1" 200 2873 "https://arquitetas.online/wp-admin/post-new.php?post_type=page" "Mozilla/5.0 (Windows NT 10.0; Win64; x64) AppleWebKit/537.36 (KHTML, like Gecko) Chrome/143.0.0.0 Safari/537.36"
189.103.101.217 - - [23/Jan/2026:11:45:02 -0300] "POST /wp-admin/admin-ajax.php HTTP/1.1" 200 5 "https://arquitetas.online/wp-admin/post-new.php?post_type=page" "Mozilla/5.0 (Windows NT 10.0; Win64; x64) AppleWebKit/537.36 (KHTML, like Gecko) Chrome/143.0.0.0 Safari/537.36"
177.154.190.245 - - [23/Jan/2026:11:45:24 -0300] "POST /wp-cron.php?doing_wp_cron=1769179523.9628069400787353515625 HTTP/1.1" 200 0 "-" "WordPress/6.9; https://arquitetas.online"
177.154.190.245 - - [23/Jan/2026:11:46:40 -0300] "POST /wp-cron.php?doing_wp_cron=1769179599.9082920551300048828125 HTTP/1.1" 200 0 "-" "WordPress/6.9; https://arquitetas.online"
177.154.190.245 - - [23/Jan/2026:11:45:24 -0300] "POST /wp-admin/admin-ajax.php?action=async_litespeed&nonce=FSKU2ZKwrStUN6LTVnD3h3vkehkxORwl&litespeed_type=imgoptm HTTP/1.1" 200 5 "-" "WordPress/6.9; https://arquitetas.online"
189.103.101.217 - - [23/Jan/2026:11:45:31 -0300] "GET /wp-admin/users.php HTTP/1.1" 200 39775 "https://arquitetas.online/wp-admin/" "Mozilla/5.0 (Windows NT 10.0; Win64; x64) AppleWebKit/537.36 (KHTML, like Gecko) Chrome/143.0.0.0 Safari/537.36"
189.103.101.217 - - [23/Jan/2026:11:45:41 -0300] "GET /wp-includes/css/admin-bar.min.css?ver=6.9 HTTP/1.1" 200 3547 "https://arquitetas.online/author/estevam/" "Mozilla/5.0 (Windows NT 10.0; Win64; x64) AppleWebKit/537.36 (KHTML, like Gecko) Chrome/143.0.0.0 Safari/537.36"
189.103.101.217 - - [23/Jan/2026:11:45:41 -0300] "GET /wp-content/plugins/elementor/assets/lib/dialog/dialog.min.js?ver=4.9.3 HTTP/1.1" 200 3475 "https://arquitetas.online/author/estevam/" "Mozilla/5.0 (Windows NT 10.0; Win64; x64) AppleWebKit/537.36 (KHTML, like Gecko) Chrome/143.0.0.0 Safari/537.36"
189.103.101.217 - - [23/Jan/2026:11:45:57 -0300] "GET /wp-admin/load-scripts.php?c=0&load%5Bchunk_0%5D=jquery-core,jquery-migrate,utils,zxcvbn-async&ver=6.9 HTTP/1.1" 200 36230 "https://arquitetas.online/wp-admin/user-new.php" "Mozilla/5.0 (Windows NT 10.0; Win64; x64) AppleWebKit/537.36 (KHTML, like Gecko) Chrome/143.0.0.0 Safari/537.36"
177.154.190.245 - - [23/Jan/2026:11:45:58 -0300] "POST /wp-cron.php?doing_wp_cron=1769179557.8205509185791015625000 HTTP/1.1" 200 0 "-" "WordPress/6.9; https://arquitetas.online"
189.103.101.217 - - [23/Jan/2026:11:45:57 -0300] "GET /wp-admin/user-new.php HTTP/1.1" 200 39056 "https://arquitetas.online/wp-admin/users.php" "Mozilla/5.0 (Windows NT 10.0; Win64; x64) AppleWebKit/537.36 (KHTML, like Gecko) Chrome/143.0.0.0 Safari/537.36"
189.103.101.217 - - [23/Jan/2026:11:46:40 -0300] "GET /wp-admin/users.php?update=add&id=4 HTTP/1.1" 200 40015 "https://arquitetas.online/wp-admin/user-new.php" "Mozilla/5.0 (Windows NT 10.0; Win64; x64) AppleWebKit/537.36 (KHTML, like Gecko) Chrome/143.0.0.0 Safari/537.36"
177.154.190.245 - - [23/Jan/2026:11:46:40 -0300] "POST /wp-admin/admin-ajax.php?action=async_litespeed&nonce=D32XS1vMwvZGNXdrMUElWJN0I025nIeg&litespeed_type=imgoptm HTTP/1.1" 200 5 "-" "WordPress/6.9; https://arquitetas.online"
189.103.101.217 - - [23/Jan/2026:11:44:37 -0300] "GET /wp-json/wp/v2/block-patterns/patterns?_locale=user HTTP/1.1" 200 156060 "https://arquitetas.online/wp-admin/post-new.php?post_type=page" "Mozilla/5.0 (Windows NT 10.0; Win64; x64) AppleWebKit/537.36 (KHTML, like Gecko) Chrome/143.0.0.0 Safari/537.36"
177.154.190.245 - - [23/Jan/2026:11:44:55 -0300] "POST /wp-cron.php?doing_wp_cron=1769179494.9408299922943115234375 HTTP/1.1" 200 0 "-" "WordPress/6.9; https://arquitetas.online"
189.103.101.217 - - [23/Jan/2026:11:44:56 -0300] "POST /wp-admin/admin-ajax.php HTTP/1.1" 200 98 "https://arquitetas.online/wp-admin/post-new.php?post_type=page" "Mozilla/5.0 (Windows NT 10.0; Win64; x64) AppleWebKit/537.36 (KHTML, like Gecko) Chrome/143.0.0.0 Safari/537.36"
189.103.101.217 - - [23/Jan/2026:11:45:23 -0300] "GET /wp-admin/ HTTP/1.1" 200 51846 "-" "Mozilla/5.0 (Windows NT 10.0; Win64; x64) AppleWebKit/537.36 (KHTML, like Gecko) Chrome/143.0.0.0 Safari/537.36"
189.103.101.217 - - [23/Jan/2026:11:45:40 -0300] "GET /author/estevam/ HTTP/1.1" 200 12859 "https://arquitetas.online/wp-admin/users.php" "Mozilla/5.0 (Windows NT 10.0; Win64; x64) AppleWebKit/537.36 (KHTML, like Gecko) Chrome/143.0.0.0 Safari/537.36"
189.103.101.217 - - [23/Jan/2026:11:46:39 -0300] "POST /wp-admin/user-new.php HTTP/1.1" 302 0 "https://arquitetas.online/wp-admin/user-new.php" "Mozilla/5.0 (Windows NT 10.0; Win64; x64) AppleWebKit/537.36 (KHTML, like Gecko) Chrome/143.0.0.0 Safari/537.36"
189.103.101.217 - - [23/Jan/2026:11:47:40 -0300] "POST /wp-admin/admin-ajax.php HTTP/1.1" 200 47 "https://arquitetas.online/wp-admin/users.php?id=4" "Mozilla/5.0 (Windows NT 10.0; Win64; x64) AppleWebKit/537.36 (KHTML, like Gecko) Chrome/143.0.0.0 Safari/537.36"
177.154.190.245 - - [23/Jan/2026:11:47:41 -0300] "POST /wp-admin/admin-ajax.php?action=async_litespeed&nonce=HNPjXwXJtkzQBB0ao28WbkrrmJzC7D8d&litespeed_type=imgoptm HTTP/1.1" 200 5 "-" "WordPress/6.9; https://arquitetas.online"
189.103.101.217 - - [23/Jan/2026:11:49:40 -0300] "POST /wp-admin/admin-ajax.php HTTP/1.1" 200 47 "https://arquitetas.online/wp-admin/users.php?id=4" "Mozilla/5.0 (Windows NT 10.0; Win64; x64) AppleWebKit/537.36 (KHTML, like Gecko) Chrome/143.0.0.0 Safari/537.36"
177.154.190.245 - - [23/Jan/2026:11:49:40 -0300] "POST /wp-admin/admin-ajax.php?action=async_litespeed&nonce=y6xziT3IztU0VtgsaZ8QgyLitfWCYVth&litespeed_type=imgoptm HTTP/1.1" 200 5 "-" "WordPress/6.9; https://arquitetas.online"
177.154.190.245 - - [23/Jan/2026:11:51:41 -0300] "POST /wp-admin/admin-ajax.php?action=async_litespeed&nonce=eQwEMKCLl6CLtqbskhhLxe0h848hqPcR&litespeed_type=imgoptm HTTP/1.1" 200 5 "-" "WordPress/6.9; https://arquitetas.online"
172.253.192.245 - - [23/Jan/2026:11:52:36 -0300] "GET /wp-admin HTTP/1.1" 301 795 "-" "Mozilla/5.0 (Windows NT 10.0; Win64; x64) AppleWebKit/537.36 (KHTML, like Gecko) Chrome/143.0.0.0 Safari/537.36"
172.253.192.245 - - [23/Jan/2026:11:52:36 -0300] "GET /wp-admin/ HTTP/1.1" 302 0 "-" "Mozilla/5.0 (Windows NT 10.0; Win64; x64) AppleWebKit/537.36 (KHTML, like Gecko) Chrome/143.0.0.0 Safari/537.36"
172.253.192.245 - - [23/Jan/2026:11:52:37 -0300] "GET /wp-includes/css/dashicons.min.css?ver=6.9 HTTP/1.1" 200 35091 "https://arquitetas.online/wp-login.php?redirect_to=https%3A%2F%2Farquitetas.online%2Fwp-admin%2F&reauth=1" "Mozilla/5.0 (Windows NT 10.0; Win64; x64) AppleWebKit/537.36 (KHTML, like Gecko) Chrome/143.0.0.0 Safari/537.36"
172.253.192.245 - - [23/Jan/2026:11:52:37 -0300] "GET /wp-includes/css/buttons.min.css?ver=6.9 HTTP/1.1" 200 1270 "https://arquitetas.online/wp-login.php?redirect_to=https%3A%2F%2Farquitetas.online%2Fwp-admin%2F&reauth=1" "Mozilla/5.0 (Windows NT 10.0; Win64; x64) AppleWebKit/537.36 (KHTML, like Gecko) Chrome/143.0.0.0 Safari/537.36"
172.253.192.245 - - [23/Jan/2026:11:52:37 -0300] "GET /wp-admin/css/forms.min.css?ver=6.9 HTTP/1.1" 200 6197 "https://arquitetas.online/wp-login.php?redirect_to=https%3A%2F%2Farquitetas.online%2Fwp-admin%2F&reauth=1" "Mozilla/5.0 (Windows NT 10.0; Win64; x64) AppleWebKit/537.36 (KHTML, like Gecko) Chrome/143.0.0.0 Safari/537.36"
172.253.192.245 - - [23/Jan/2026:11:52:37 -0300] "GET /wp-includes/js/underscore.min.js?ver=1.13.7 HTTP/1.1" 200 7157 "https://arquitetas.online/wp-login.php?redirect_to=https%3A%2F%2Farquitetas.online%2Fwp-admin%2F&reauth=1" "Mozilla/5.0 (Windows NT 10.0; Win64; x64) AppleWebKit/537.36 (KHTML, like Gecko) Chrome/143.0.0.0 Safari/537.36"
172.253.192.245 - - [23/Jan/2026:11:52:37 -0300] "GET /wp-admin/css/login.min.css?ver=6.9 HTTP/1.1" 200 1961 "https://arquitetas.online/wp-login.php?redirect_to=https%3A%2F%2Farquitetas.online%2Fwp-admin%2F&reauth=1" "Mozilla/5.0 (Windows NT 10.0; Win64; x64) AppleWebKit/537.36 (KHTML, like Gecko) Chrome/143.0.0.0 Safari/537.36"
172.253.192.245 - - [23/Jan/2026:11:52:37 -0300] "GET /wp-includes/js/dist/a11y.min.js?ver=cb460b4676c94bd228ed HTTP/1.1" 200 797 "https://arquitetas.online/wp-login.php?redirect_to=https%3A%2F%2Farquitetas.online%2Fwp-admin%2F&reauth=1" "Mozilla/5.0 (Windows NT 10.0; Win64; x64) AppleWebKit/537.36 (KHTML, like Gecko) Chrome/143.0.0.0 Safari/537.36"
172.253.192.245 - - [23/Jan/2026:11:52:37 -0300] "GET /wp-admin/js/password-strength-meter.min.js?ver=6.9 HTTP/1.1" 200 557 "https://arquitetas.online/wp-login.php?redirect_to=https%3A%2F%2Farquitetas.online%2Fwp-admin%2F&reauth=1" "Mozilla/5.0 (Windows NT 10.0; Win64; x64) AppleWebKit/537.36 (KHTML, like Gecko) Chrome/143.0.0.0 Safari/537.36"
177.154.190.245 - - [23/Jan/2026:11:47:41 -0300] "POST /wp-cron.php?doing_wp_cron=1769179660.8647620677947998046875 HTTP/1.1" 200 0 "-" "WordPress/6.9; https://arquitetas.online"
66.249.75.231 - - [23/Jan/2026:11:51:38 -0300] "GET /robots.txt HTTP/1.1" 200 96 "-" "Mozilla/5.0 (compatible; Googlebot/2.1; +http://www.google.com/bot.html)"
66.249.75.231 - - [23/Jan/2026:11:51:38 -0300] "HEAD /wp-admin HTTP/1.1" 301 0 "-" "Mozilla/5.0 (compatible; Googlebot/2.1; +http://www.google.com/bot.html)"
177.154.190.245 - - [23/Jan/2026:11:51:40 -0300] "POST /wp-cron.php?doing_wp_cron=1769179900.3959469795227050781250 HTTP/1.1" 200 0 "-" "WordPress/6.9; https://arquitetas.online"
189.103.101.217 - - [23/Jan/2026:11:51:40 -0300] "POST /wp-admin/admin-ajax.php HTTP/1.1" 200 47 "https://arquitetas.online/wp-admin/users.php?id=4" "Mozilla/5.0 (Windows NT 10.0; Win64; x64) AppleWebKit/537.36 (KHTML, like Gecko) Chrome/143.0.0.0 Safari/537.36"
177.154.190.245 - - [23/Jan/2026:11:52:37 -0300] "POST /wp-cron.php?doing_wp_cron=1769179957.0455870628356933593750 HTTP/1.1" 200 0 "-" "WordPress/6.9; https://arquitetas.online"
177.154.190.245 - - [23/Jan/2026:11:52:37 -0300] "POST /wp-admin/admin-ajax.php?action=async_litespeed&nonce=SObFkJEkMVRwQMZhGEhF6vgQ6xlkrIbX&litespeed_type=imgoptm HTTP/1.1" 200 5 "-" "WordPress/6.9; https://arquitetas.online"
172.253.192.245 - - [23/Jan/2026:11:52:37 -0300] "GET /wp-includes/js/zxcvbn-async.min.js?ver=1.0 HTTP/1.1" 200 187 "https://arquitetas.online/wp-login.php?redirect_to=https%3A%2F%2Farquitetas.online%2Fwp-admin%2F&reauth=1" "Mozilla/5.0 (Windows NT 10.0; Win64; x64) AppleWebKit/537.36 (KHTML, like Gecko) Chrome/143.0.0.0 Safari/537.36"
172.253.192.245 - - [23/Jan/2026:11:52:37 -0300] "GET /wp-includes/js/wp-util.min.js?ver=6.9 HTTP/1.1" 200 690 "https://arquitetas.online/wp-login.php?redirect_to=https%3A%2F%2Farquitetas.online%2Fwp-admin%2F&reauth=1" "Mozilla/5.0 (Windows NT 10.0; Win64; x64) AppleWebKit/537.36 (KHTML, like Gecko) Chrome/143.0.0.0 Safari/537.36"
172.253.192.245 - - [23/Jan/2026:11:52:38 -0300] "GET /wp-admin/images/wordpress-logo.svg?ver=20131107 HTTP/1.1" 200 761 "https://arquitetas.online/wp-admin/css/login.min.css?ver=6.9" "Mozilla/5.0 (Windows NT 10.0; Win64; x64) AppleWebKit/537.36 (KHTML, like Gecko) Chrome/143.0.0.0 Safari/537.36"
172.253.192.245 - - [23/Jan/2026:11:52:38 -0300] "GET /wp-includes/js/zxcvbn.min.js HTTP/1.1" 200 388171 "https://arquitetas.online/wp-login.php?redirect_to=https%3A%2F%2Farquitetas.online%2Fwp-admin%2F&reauth=1" "Mozilla/5.0 (Windows NT 10.0; Win64; x64) AppleWebKit/537.36 (KHTML, like Gecko) Chrome/143.0.0.0 Safari/537.36"
177.154.190.245 - - [23/Jan/2026:11:53:40 -0300] "POST /wp-cron.php?doing_wp_cron=1769180019.8109080791473388671875 HTTP/1.1" 200 0 "-" "WordPress/6.9; https://arquitetas.online"
189.103.101.217 - - [23/Jan/2026:11:54:39 -0300] "POST /wp-admin/admin-ajax.php HTTP/1.1" 200 47 "https://arquitetas.online/wp-admin/users.php?id=4" "Mozilla/5.0 (Windows NT 10.0; Win64; x64) AppleWebKit/537.36 (KHTML, like Gecko) Chrome/143.0.0.0 Safari/537.36"
177.154.190.245 - - [23/Jan/2026:11:49:40 -0300] "POST /wp-cron.php?doing_wp_cron=1769179780.3264379501342773437500 HTTP/1.1" 200 0 "-" "WordPress/6.9; https://arquitetas.online"
66.249.75.231 - - [23/Jan/2026:11:51:38 -0300] "HEAD / HTTP/1.1" 200 0 "-" "Mozilla/5.0 (compatible; Googlebot/2.1; +http://www.google.com/bot.html)"
172.253.192.245 - - [23/Jan/2026:11:52:37 -0300] "GET /wp-login.php?redirect_to=https%3A%2F%2Farquitetas.online%2Fwp-admin%2F&reauth=1 HTTP/1.1" 200 2770 "-" "Mozilla/5.0 (Windows NT 10.0; Win64; x64) AppleWebKit/537.36 (KHTML, like Gecko) Chrome/143.0.0.0 Safari/537.36"
172.253.192.245 - - [23/Jan/2026:11:52:37 -0300] "GET /wp-admin/css/l10n.min.css?ver=6.9 HTTP/1.1" 200 671 "https://arquitetas.online/wp-login.php?redirect_to=https%3A%2F%2Farquitetas.online%2Fwp-admin%2F&reauth=1" "Mozilla/5.0 (Windows NT 10.0; Win64; x64) AppleWebKit/537.36 (KHTML, like Gecko) Chrome/143.0.0.0 Safari/537.36"
172.253.192.245 - - [23/Jan/2026:11:52:37 -0300] "GET /wp-includes/js/jquery/jquery.min.js?ver=3.7.1 HTTP/1.1" 200 29531 "https://arquitetas.online/wp-login.php?redirect_to=https%3A%2F%2Farquitetas.online%2Fwp-admin%2F&reauth=1" "Mozilla/5.0 (Windows NT 10.0; Win64; x64) AppleWebKit/537.36 (KHTML, like Gecko) Chrome/143.0.0.0 Safari/537.36"
172.253.192.245 - - [23/Jan/2026:11:52:37 -0300] "GET /wp-includes/js/jquery/jquery-migrate.min.js?ver=3.4.1 HTTP/1.1" 200 4671 "https://arquitetas.online/wp-login.php?redirect_to=https%3A%2F%2Farquitetas.online%2Fwp-admin%2F&reauth=1" "Mozilla/5.0 (Windows NT 10.0; Win64; x64) AppleWebKit/537.36 (KHTML, like Gecko) Chrome/143.0.0.0 Safari/537.36"
172.253.192.245 - - [23/Jan/2026:11:52:37 -0300] "GET /wp-includes/js/dist/i18n.min.js?ver=c26c3dc7bed366793375 HTTP/1.1" 200 2127 "https://arquitetas.online/wp-login.php?redirect_to=https%3A%2F%2Farquitetas.online%2Fwp-admin%2F&reauth=1" "Mozilla/5.0 (Windows NT 10.0; Win64; x64) AppleWebKit/537.36 (KHTML, like Gecko) Chrome/143.0.0.0 Safari/537.36"
172.253.192.245 - - [23/Jan/2026:11:52:37 -0300] "GET /wp-includes/js/dist/hooks.min.js?ver=dd5603f07f9220ed27f1 HTTP/1.1" 200 1850 "https://arquitetas.online/wp-login.php?redirect_to=https%3A%2F%2Farquitetas.online%2Fwp-admin%2F&reauth=1" "Mozilla/5.0 (Windows NT 10.0; Win64; x64) AppleWebKit/537.36 (KHTML, like Gecko) Chrome/143.0.0.0 Safari/537.36"
172.253.192.245 - - [23/Jan/2026:11:52:37 -0300] "GET /wp-admin/js/user-profile.min.js?ver=6.9 HTTP/1.1" 200 2884 "https://arquitetas.online/wp-login.php?redirect_to=https%3A%2F%2Farquitetas.online%2Fwp-admin%2F&reauth=1" "Mozilla/5.0 (Windows NT 10.0; Win64; x64) AppleWebKit/537.36 (KHTML, like Gecko) Chrome/143.0.0.0 Safari/537.36"
172.253.192.245 - - [23/Jan/2026:11:52:37 -0300] "GET /wp-includes/js/dist/dom-ready.min.js?ver=f77871ff7694fffea381 HTTP/1.1" 200 275 "https://arquitetas.online/wp-login.php?redirect_to=https%3A%2F%2Farquitetas.online%2Fwp-admin%2F&reauth=1" "Mozilla/5.0 (Windows NT 10.0; Win64; x64) AppleWebKit/537.36 (KHTML, like Gecko) Chrome/143.0.0.0 Safari/537.36"
172.253.192.245 - - [23/Jan/2026:11:52:37 -0300] "GET /wp-includes/js/clipboard.min.js?ver=2.0.11 HTTP/1.1" 200 2988 "https://arquitetas.online/wp-login.php?redirect_to=https%3A%2F%2Farquitetas.online%2Fwp-admin%2F&reauth=1" "Mozilla/5.0 (Windows NT 10.0; Win64; x64) AppleWebKit/537.36 (KHTML, like Gecko) Chrome/143.0.0.0 Safari/537.36"
172.253.192.245 - - [23/Jan/2026:11:52:38 -0300] "GET /favicon.ico HTTP/1.1" 404 1251 "https://arquitetas.online/wp-login.php?redirect_to=https%3A%2F%2Farquitetas.online%2Fwp-admin%2F&reauth=1" "Mozilla/5.0 (Windows NT 10.0; Win64; x64) AppleWebKit/537.36 (KHTML, like Gecko) Chrome/143.0.0.0 Safari/537.36"
189.103.101.217 - - [23/Jan/2026:11:53:39 -0300] "POST /wp-admin/admin-ajax.php HTTP/1.1" 200 47 "https://arquitetas.online/wp-admin/users.php?id=4" "Mozilla/5.0 (Windows NT 10.0; Win64; x64) AppleWebKit/537.36 (KHTML, like Gecko) Chrome/143.0.0.0 Safari/537.36"
177.154.190.245 - - [23/Jan/2026:11:53:40 -0300] "POST /wp-admin/admin-ajax.php?action=async_litespeed&nonce=2fnqsTrBFkgY8iC9yigkT5WhAld539lH&litespeed_type=imgoptm HTTP/1.1" 200 5 "-" "WordPress/6.9; https://arquitetas.online"
177.154.190.245 - - [23/Jan/2026:11:54:40 -0300] "POST /wp-cron.php?doing_wp_cron=1769180079.7902820110321044921875 HTTP/1.1" 200 0 "-" "WordPress/6.9; https://arquitetas.online"
177.154.190.245 - - [23/Jan/2026:11:54:40 -0300] "POST /wp-admin/admin-ajax.php?action=async_litespeed&nonce=UpnCR1ZKZG9FkTxOE52rSW3xkY8GBS8a&litespeed_type=imgoptm HTTP/1.1" 200 5 "-" "WordPress/6.9; https://arquitetas.online"
198.235.24.174 - - [23/Jan/2026:12:06:46 -0300] "GET /wp-login.php HTTP/1.1" 200 2775 "-" "Hello from Palo Alto Networks, find out more about our scans in https://docs-cortex.paloaltonetworks.com/r/1/Cortex-Xpanse/Scanning-activity"
177.154.190.245 - - [23/Jan/2026:12:06:47 -0300] "POST /wp-admin/admin-ajax.php?action=async_litespeed&nonce=8SZYZOaCEgZMfQjUCSSh4fBX4duvTFRg&litespeed_type=imgoptm HTTP/1.1" 200 5 "-" "WordPress/6.9; https://arquitetas.online"
177.154.190.245 - - [23/Jan/2026:12:06:47 -0300] "POST /wp-cron.php?doing_wp_cron=1769180807.2097740173339843750000 HTTP/1.1" 200 0 "-" "WordPress/6.9; https://arquitetas.online"
177.154.190.245 - - [23/Jan/2026:13:31:11 -0300] "POST /wp-admin/admin-ajax.php?action=async_litespeed&nonce=AMOKvm2tyvuxWQM8nFoFsVcjlZgK9Nmi&litespeed_type=imgoptm HTTP/1.1" 200 5 "-" "WordPress/6.9; https://arquitetas.online"
34.66.187.25 - - [23/Jan/2026:13:27:10 -0300] "GET / HTTP/1.1" 200 27084 "http://arquitetas.online" "Mozilla/5.0 (compatible; CMS-Checker/1.0; +https://example.com)"
177.154.190.245 - - [23/Jan/2026:13:27:10 -0300] "POST /wp-admin/admin-ajax.php?action=async_litespeed&nonce=RFfq3ES3Gh9aPWXF14QE3p4sZz0anHuv&litespeed_type=imgoptm HTTP/1.1" 200 5 "-" "WordPress/6.9; https://arquitetas.online"
177.154.190.245 - - [23/Jan/2026:13:31:09 -0300] "POST /wp-cron.php?doing_wp_cron=1769185869.6408140659332275390625 HTTP/1.1" 200 0 "-" "WordPress/6.9; https://arquitetas.online"
189.103.101.217 - - [23/Jan/2026:13:54:46 -0300] "GET /wp-content/plugins/elementor/assets/css/admin-bar.min.css?ver=3.28.3 HTTP/1.1" 200 274 "https://arquitetas.online/" "Mozilla/5.0 (Windows NT 10.0; Win64; x64) AppleWebKit/537.36 (KHTML, like Gecko) Chrome/143.0.0.0 Safari/537.36"
189.103.101.217 - - [23/Jan/2026:13:54:46 -0300] "GET /wp-content/plugins/elementor/assets/js/frontend-modules.min.js?ver=3.28.3 HTTP/1.1" 304 0 "https://arquitetas.online/" "Mozilla/5.0 (Windows NT 10.0; Win64; x64) AppleWebKit/537.36 (KHTML, like Gecko) Chrome/143.0.0.0 Safari/537.36"
189.103.101.217 - - [23/Jan/2026:13:54:46 -0300] "GET /wp-content/plugins/elementor/assets/js/frontend.min.js?ver=3.28.3 HTTP/1.1" 304 0 "https://arquitetas.online/" "Mozilla/5.0 (Windows NT 10.0; Win64; x64) AppleWebKit/537.36 (KHTML, like Gecko) Chrome/143.0.0.0 Safari/537.36"
189.103.101.217 - - [23/Jan/2026:13:54:46 -0300] "GET /wp-content/plugins/elementor-pro/assets/js/frontend.min.js?ver=3.28.2 HTTP/1.1" 304 0 "https://arquitetas.online/" "Mozilla/5.0 (Windows NT 10.0; Win64; x64) AppleWebKit/537.36 (KHTML, like Gecko) Chrome/143.0.0.0 Safari/537.36"
189.103.101.217 - - [23/Jan/2026:13:54:47 -0300] "GET /wp-content/plugins/elementor/assets/js/nested-accordion.c546968f7aebebc356f2.bundle.min.js HTTP/1.1" 304 0 "https://arquitetas.online/" "Mozilla/5.0 (Windows NT 10.0; Win64; x64) AppleWebKit/537.36 (KHTML, like Gecko) Chrome/143.0.0.0 Safari/537.36"
189.103.101.217 - - [23/Jan/2026:13:54:46 -0300] "GET /wp-content/uploads/2025/04/2-1-1.webp HTTP/1.1" 200 49788 "https://arquitetas.online/" "Mozilla/5.0 (Windows NT 10.0; Win64; x64) AppleWebKit/537.36 (KHTML, like Gecko) Chrome/143.0.0.0 Safari/537.36"
189.103.101.217 - - [23/Jan/2026:13:54:46 -0300] "GET /wp-content/plugins/elementor-pro/assets/js/elements-handlers.min.js?ver=3.28.2 HTTP/1.1" 304 0 "https://arquitetas.online/" "Mozilla/5.0 (Windows NT 10.0; Win64; x64) AppleWebKit/537.36 (KHTML, like Gecko) Chrome/143.0.0.0 Safari/537.36"
189.103.101.217 - - [23/Jan/2026:13:54:46 -0300] "GET /wp-content/plugins/elementor/assets/js/webpack.runtime.min.js?ver=3.28.3 HTTP/1.1" 304 0 "https://arquitetas.online/" "Mozilla/5.0 (Windows NT 10.0; Win64; x64) AppleWebKit/537.36 (KHTML, like Gecko) Chrome/143.0.0.0 Safari/537.36"
189.103.101.217 - - [23/Jan/2026:13:54:46 -0300] "GET /wp-content/plugins/elementor/assets/lib/swiper/v8/swiper.min.js?ver=8.4.5 HTTP/1.1" 304 0 "https://arquitetas.online/" "Mozilla/5.0 (Windows NT 10.0; Win64; x64) AppleWebKit/537.36 (KHTML, like Gecko) Chrome/143.0.0.0 Safari/537.36"
189.103.101.217 - - [23/Jan/2026:13:54:46 -0300] "GET /wp-content/plugins/elementor-pro/assets/js/nested-carousel.776ab95ca4daa003622e.bundle.min.js HTTP/1.1" 304 0 "https://arquitetas.online/" "Mozilla/5.0 (Windows NT 10.0; Win64; x64) AppleWebKit/537.36 (KHTML, like Gecko) Chrome/143.0.0.0 Safari/537.36"
177.154.190.245 - - [23/Jan/2026:13:54:47 -0300] "POST /wp-admin/admin-ajax.php?action=async_litespeed&nonce=gNCX55BF9cZiGeJsIM2X3pizOJpq7san&litespeed_type=imgoptm HTTP/1.1" 200 5 "-" "WordPress/6.9; https://arquitetas.online"
189.103.101.217 - - [23/Jan/2026:13:57:14 -0300] "GET / HTTP/1.1" 200 34832 "-" "Mozilla/5.0 (Windows NT 10.0; Win64; x64) AppleWebKit/537.36 (KHTML, like Gecko) Chrome/143.0.0.0 Safari/537.36"
189.103.101.217 - - [23/Jan/2026:13:54:46 -0300] "GET /wp-content/plugins/elementor/assets/lib/dialog/dialog.min.js?ver=4.9.3 HTTP/1.1" 304 0 "https://arquitetas.online/" "Mozilla/5.0 (Windows NT 10.0; Win64; x64) AppleWebKit/537.36 (KHTML, like Gecko) Chrome/143.0.0.0 Safari/537.36"
189.103.101.217 - - [23/Jan/2026:13:54:46 -0300] "GET /wp-content/plugins/elementor-pro/assets/js/webpack-pro.runtime.min.js?ver=3.28.2 HTTP/1.1" 304 0 "https://arquitetas.online/" "Mozilla/5.0 (Windows NT 10.0; Win64; x64) AppleWebKit/537.36 (KHTML, like Gecko) Chrome/143.0.0.0 Safari/537.36"
189.103.101.217 - - [23/Jan/2026:13:54:46 -0300] "GET /wp-content/plugins/elementor/assets/js/elementor-admin-bar.min.js?ver=3.28.3 HTTP/1.1" 200 2179 "https://arquitetas.online/" "Mozilla/5.0 (Windows NT 10.0; Win64; x64) AppleWebKit/537.36 (KHTML, like Gecko) Chrome/143.0.0.0 Safari/537.36"
177.154.190.245 - - [23/Jan/2026:13:54:46 -0300] "POST /wp-cron.php?doing_wp_cron=1769187286.5340449810028076171875 HTTP/1.1" 200 0 "-" "WordPress/6.9; https://arquitetas.online"
189.103.101.217 - - [23/Jan/2026:13:54:44 -0300] "GET / HTTP/1.1" 200 34832 "-" "Mozilla/5.0 (Windows NT 10.0; Win64; x64) AppleWebKit/537.36 (KHTML, like Gecko) Chrome/143.0.0.0 Safari/537.36"
189.103.101.217 - - [23/Jan/2026:13:54:46 -0300] "GET /wp-content/plugins/elementor/assets/js/text-editor.c084ef86600b6f11690d.bundle.min.js HTTP/1.1" 304 0 "https://arquitetas.online/" "Mozilla/5.0 (Windows NT 10.0; Win64; x64) AppleWebKit/537.36 (KHTML, like Gecko) Chrome/143.0.0.0 Safari/537.36"
189.103.101.217 - - [23/Jan/2026:13:54:47 -0300] "GET /wp-content/plugins/elementor/assets/js/image-carousel.6167d20b95b33386757b.bundle.min.js HTTP/1.1" 304 0 "https://arquitetas.online/" "Mozilla/5.0 (Windows NT 10.0; Win64; x64) AppleWebKit/537.36 (KHTML, like Gecko) Chrome/143.0.0.0 Safari/537.36"
192.198.80.6 - - [23/Jan/2026:14:02:08 -0300] "GET / HTTP/1.1" 200 27084 "-" "Mozilla/5.0 (X11; Linux x86_64) AppleWebKit/537.36 (KHTML, like Gecko) HeadlessChrome/144.0.0.0 Safari/537.36"
192.198.80.6 - - [23/Jan/2026:14:02:09 -0300] "GET /wp-content/themes/hello-elementor/header-footer.min.css?ver=3.3.0 HTTP/1.1" 200 1287 "https://arquitetas.online/" "Mozilla/5.0 (X11; Linux x86_64) AppleWebKit/537.36 (KHTML, like Gecko) HeadlessChrome/144.0.0.0 Safari/537.36"
192.198.80.6 - - [23/Jan/2026:14:02:09 -0300] "GET /wp-content/plugins/elementor/assets/css/widget-heading.min.css?ver=3.28.3 HTTP/1.1" 200 154 "https://arquitetas.online/" "Mozilla/5.0 (X11; Linux x86_64) AppleWebKit/537.36 (KHTML, like Gecko) HeadlessChrome/144.0.0.0 Safari/537.36"
192.198.80.6 - - [23/Jan/2026:14:02:09 -0300] "GET /wp-content/plugins/elementor/assets/css/widget-image.min.css?ver=3.28.3 HTTP/1.1" 200 120 "https://arquitetas.online/" "Mozilla/5.0 (X11; Linux x86_64) AppleWebKit/537.36 (KHTML, like Gecko) HeadlessChrome/144.0.0.0 Safari/537.36"
192.198.80.6 - - [23/Jan/2026:14:02:09 -0300] "GET /wp-content/plugins/elementor/assets/css/widget-divider.min.css?ver=3.28.3 HTTP/1.1" 200 697 "https://arquitetas.online/" "Mozilla/5.0 (X11; Linux x86_64) AppleWebKit/537.36 (KHTML, like Gecko) HeadlessChrome/144.0.0.0 Safari/537.36"
192.198.80.6 - - [23/Jan/2026:14:02:09 -0300] "GET /wp-content/plugins/elementor/assets/lib/animations/styles/fadeInDown.min.css?ver=3.28.3 HTTP/1.1" 200 137 "https://arquitetas.online/" "Mozilla/5.0 (X11; Linux x86_64) AppleWebKit/537.36 (KHTML, like Gecko) HeadlessChrome/144.0.0.0 Safari/537.36"
192.198.80.6 - - [23/Jan/2026:14:02:09 -0300] "GET /wp-content/uploads/elementor/css/post-11.css?ver=1753981578 HTTP/1.1" 200 10258 "https://arquitetas.online/" "Mozilla/5.0 (X11; Linux x86_64) AppleWebKit/537.36 (KHTML, like Gecko) HeadlessChrome/144.0.0.0 Safari/537.36"
192.198.80.6 - - [23/Jan/2026:14:02:09 -0300] "GET /wp-content/plugins/elementor/assets/css/widget-nested-accordion.min.css?ver=3.28.3 HTTP/1.1" 200 724 "https://arquitetas.online/" "Mozilla/5.0 (X11; Linux x86_64) AppleWebKit/537.36 (KHTML, like Gecko) HeadlessChrome/144.0.0.0 Safari/537.36"
192.198.80.6 - - [23/Jan/2026:14:02:09 -0300] "GET /wp-content/uploads/2025/04/icon3.png HTTP/1.1" 200 1320 "https://arquitetas.online/" "Mozilla/5.0 (X11; Linux x86_64) AppleWebKit/537.36 (KHTML, like Gecko) HeadlessChrome/144.0.0.0 Safari/537.36"
192.198.80.6 - - [23/Jan/2026:14:02:09 -0300] "GET /wp-content/uploads/elementor/google-fonts/css/lato.css?ver=1744031598 HTTP/1.1" 200 526 "https://arquitetas.online/" "Mozilla/5.0 (X11; Linux x86_64) AppleWebKit/537.36 (KHTML, like Gecko) HeadlessChrome/144.0.0.0 Safari/537.36"
192.198.80.6 - - [23/Jan/2026:14:02:09 -0300] "GET /wp-content/uploads/elementor/google-fonts/css/inter.css?ver=1744031633 HTTP/1.1" 200 904 "https://arquitetas.online/" "Mozilla/5.0 (X11; Linux x86_64) AppleWebKit/537.36 (KHTML, like Gecko) HeadlessChrome/144.0.0.0 Safari/537.36"
192.198.80.6 - - [23/Jan/2026:14:02:09 -0300] "GET /wp-content/uploads/2025/04/icon5.png HTTP/1.1" 200 899 "https://arquitetas.online/" "Mozilla/5.0 (X11; Linux x86_64) AppleWebKit/537.36 (KHTML, like Gecko) HeadlessChrome/144.0.0.0 Safari/537.36"
192.198.80.6 - - [23/Jan/2026:14:02:09 -0300] "GET /wp-content/uploads/2025/04/atividades-1.png HTTP/1.1" 200 3286 "https://arquitetas.online/" "Mozilla/5.0 (X11; Linux x86_64) AppleWebKit/537.36 (KHTML, like Gecko) HeadlessChrome/144.0.0.0 Safari/537.36"
192.198.80.6 - - [23/Jan/2026:14:02:09 -0300] "GET /wp-content/uploads/2025/04/coracao-1.png HTTP/1.1" 200 2239 "https://arquitetas.online/" "Mozilla/5.0 (X11; Linux x86_64) AppleWebKit/537.36 (KHTML, like Gecko) HeadlessChrome/144.0.0.0 Safari/537.36"
192.198.80.6 - - [23/Jan/2026:14:02:09 -0300] "GET /wp-content/uploads/2025/04/icon.png HTTP/1.1" 200 2762 "https://arquitetas.online/" "Mozilla/5.0 (X11; Linux x86_64) AppleWebKit/537.36 (KHTML, like Gecko) HeadlessChrome/144.0.0.0 Safari/537.36"
192.198.80.6 - - [23/Jan/2026:14:02:09 -0300] "GET /wp-content/uploads/elementor/css/post-5.css?ver=1753979938 HTTP/1.1" 200 422 "https://arquitetas.online/" "Mozilla/5.0 (X11; Linux x86_64) AppleWebKit/537.36 (KHTML, like Gecko) HeadlessChrome/144.0.0.0 Safari/537.36"
192.198.80.6 - - [23/Jan/2026:14:02:09 -0300] "GET /wp-content/plugins/elementor/assets/css/frontend.min.css?ver=3.28.3 HTTP/1.1" 200 6386 "https://arquitetas.online/" "Mozilla/5.0 (X11; Linux x86_64) AppleWebKit/537.36 (KHTML, like Gecko) HeadlessChrome/144.0.0.0 Safari/537.36"
192.198.80.6 - - [23/Jan/2026:14:02:09 -0300] "GET /wp-content/plugins/elementor/assets/css/widget-icon-list.min.css?ver=3.28.3 HTTP/1.1" 200 953 "https://arquitetas.online/" "Mozilla/5.0 (X11; Linux x86_64) AppleWebKit/537.36 (KHTML, like Gecko) HeadlessChrome/144.0.0.0 Safari/537.36"
192.198.80.6 - - [23/Jan/2026:14:02:09 -0300] "GET /wp-content/plugins/elementor/assets/lib/swiper/v8/css/swiper.min.css?ver=8.4.5 HTTP/1.1" 200 4214 "https://arquitetas.online/" "Mozilla/5.0 (X11; Linux x86_64) AppleWebKit/537.36 (KHTML, like Gecko) HeadlessChrome/144.0.0.0 Safari/537.36"
192.198.80.6 - - [23/Jan/2026:14:02:09 -0300] "GET /wp-content/plugins/elementor-pro/assets/css/widget-nested-carousel.min.css?ver=3.28.2 HTTP/1.1" 200 1329 "https://arquitetas.online/" "Mozilla/5.0 (X11; Linux x86_64) AppleWebKit/537.36 (KHTML, like Gecko) HeadlessChrome/144.0.0.0 Safari/537.36"
192.198.80.6 - - [23/Jan/2026:14:02:09 -0300] "GET /wp-content/plugins/elementor/assets/lib/animations/styles/fadeInUp.min.css?ver=3.28.3 HTTP/1.1" 200 130 "https://arquitetas.online/" "Mozilla/5.0 (X11; Linux x86_64) AppleWebKit/537.36 (KHTML, like Gecko) HeadlessChrome/144.0.0.0 Safari/537.36"
192.198.80.6 - - [23/Jan/2026:14:02:09 -0300] "GET /wp-content/uploads/elementor/google-fonts/css/roboto.css?ver=1744031592 HTTP/1.1" 200 1863 "https://arquitetas.online/" "Mozilla/5.0 (X11; Linux x86_64) AppleWebKit/537.36 (KHTML, like Gecko) HeadlessChrome/144.0.0.0 Safari/537.36"
192.198.80.6 - - [23/Jan/2026:14:02:09 -0300] "GET /wp-content/plugins/elementor/assets/css/widget-image-carousel.min.css?ver=3.28.3 HTTP/1.1" 200 163 "https://arquitetas.online/" "Mozilla/5.0 (X11; Linux x86_64) AppleWebKit/537.36 (KHTML, like Gecko) HeadlessChrome/144.0.0.0 Safari/537.36"
192.198.80.6 - - [23/Jan/2026:14:02:09 -0300] "GET /wp-content/uploads/2025/04/icon2.png HTTP/1.1" 200 1619 "https://arquitetas.online/" "Mozilla/5.0 (X11; Linux x86_64) AppleWebKit/537.36 (KHTML, like Gecko) HeadlessChrome/144.0.0.0 Safari/537.36"
192.198.80.6 - - [23/Jan/2026:14:02:09 -0300] "GET /wp-content/uploads/2025/04/icon4.png HTTP/1.1" 200 2133 "https://arquitetas.online/" "Mozilla/5.0 (X11; Linux x86_64) AppleWebKit/537.36 (KHTML, like Gecko) HeadlessChrome/144.0.0.0 Safari/537.36"
192.198.80.6 - - [23/Jan/2026:14:02:09 -0300] "GET /wp-content/uploads/2025/04/pesquisa-on-line-1.png HTTP/1.1" 200 2923 "https://arquitetas.online/" "Mozilla/5.0 (X11; Linux x86_64) AppleWebKit/537.36 (KHTML, like Gecko) HeadlessChrome/144.0.0.0 Safari/537.36"
192.198.80.6 - - [23/Jan/2026:14:02:09 -0300] "GET /wp-content/uploads/2025/04/group_1171276395.webp HTTP/1.1" 200 33384 "https://arquitetas.online/" "Mozilla/5.0 (X11; Linux x86_64) AppleWebKit/537.36 (KHTML, like Gecko) HeadlessChrome/144.0.0.0 Safari/537.36"
192.198.80.6 - - [23/Jan/2026:14:02:09 -0300] "GET /wp-content/uploads/2025/04/video-chamada-1.png HTTP/1.1" 200 2798 "https://arquitetas.online/" "Mozilla/5.0 (X11; Linux x86_64) AppleWebKit/537.36 (KHTML, like Gecko) HeadlessChrome/144.0.0.0 Safari/537.36"
192.198.80.6 - - [23/Jan/2026:14:02:09 -0300] "GET /wp-content/uploads/2025/04/icon6.png HTTP/1.1" 200 1433 "https://arquitetas.online/" "Mozilla/5.0 (X11; Linux x86_64) AppleWebKit/537.36 (KHTML, like Gecko) HeadlessChrome/144.0.0.0 Safari/537.36"
192.198.80.6 - - [23/Jan/2026:14:02:09 -0300] "GET /wp-content/uploads/2025/04/card.32webp.webp HTTP/1.1" 200 61158 "https://arquitetas.online/" "Mozilla/5.0 (X11; Linux x86_64) AppleWebKit/537.36 (KHTML, like Gecko) HeadlessChrome/144.0.0.0 Safari/537.36"
177.154.190.245 - - [23/Jan/2026:14:02:08 -0300] "POST /wp-admin/admin-ajax.php?action=async_litespeed&nonce=Kemupgp1qlBzI0SjvG4Ib90PNXiTDCIv&litespeed_type=imgoptm HTTP/1.1" 200 5 "-" "WordPress/6.9; https://arquitetas.online"
192.198.80.6 - - [23/Jan/2026:14:02:09 -0300] "GET /wp-content/themes/hello-elementor/style.min.css?ver=3.3.0 HTTP/1.1" 200 1586 "https://arquitetas.online/" "Mozilla/5.0 (X11; Linux x86_64) AppleWebKit/537.36 (KHTML, like Gecko) HeadlessChrome/144.0.0.0 Safari/537.36"
192.198.80.6 - - [23/Jan/2026:14:02:09 -0300] "GET /wp-content/themes/hello-elementor/theme.min.css?ver=3.3.0 HTTP/1.1" 200 1134 "https://arquitetas.online/" "Mozilla/5.0 (X11; Linux x86_64) AppleWebKit/537.36 (KHTML, like Gecko) HeadlessChrome/144.0.0.0 Safari/537.36"
192.198.80.6 - - [23/Jan/2026:14:02:09 -0300] "GET /wp-content/plugins/elementor/assets/css/widget-image-box.min.css?ver=3.28.3 HTTP/1.1" 200 288 "https://arquitetas.online/" "Mozilla/5.0 (X11; Linux x86_64) AppleWebKit/537.36 (KHTML, like Gecko) HeadlessChrome/144.0.0.0 Safari/537.36"
192.198.80.6 - - [23/Jan/2026:14:02:09 -0300] "GET /wp-content/plugins/elementor/assets/css/conditionals/e-swiper.min.css?ver=3.28.3 HTTP/1.1" 200 695 "https://arquitetas.online/" "Mozilla/5.0 (X11; Linux x86_64) AppleWebKit/537.36 (KHTML, like Gecko) HeadlessChrome/144.0.0.0 Safari/537.36"
192.198.80.6 - - [23/Jan/2026:14:02:09 -0300] "GET /wp-content/uploads/2025/04/group_1171275120-1.webp HTTP/1.1" 200 44774 "https://arquitetas.online/" "Mozilla/5.0 (X11; Linux x86_64) AppleWebKit/537.36 (KHTML, like Gecko) HeadlessChrome/144.0.0.0 Safari/537.36"
192.198.80.6 - - [23/Jan/2026:14:02:09 -0300] "GET /wp-content/uploads/elementor/google-fonts/css/prata.css?ver=1744031535 HTTP/1.1" 200 413 "https://arquitetas.online/" "Mozilla/5.0 (X11; Linux x86_64) AppleWebKit/537.36 (KHTML, like Gecko) HeadlessChrome/144.0.0.0 Safari/537.36"
192.198.80.6 - - [23/Jan/2026:14:02:09 -0300] "GET /wp-content/plugins/elementor/assets/lib/animations/styles/fadeInLeft.min.css?ver=3.28.3 HTTP/1.1" 200 137 "https://arquitetas.online/" "Mozilla/5.0 (X11; Linux x86_64) AppleWebKit/537.36 (KHTML, like Gecko) HeadlessChrome/144.0.0.0 Safari/537.36"
192.198.80.6 - - [23/Jan/2026:14:02:09 -0300] "GET /wp-content/uploads/elementor/google-fonts/css/poppins.css?ver=1744031545 HTTP/1.1" 200 610 "https://arquitetas.online/" "Mozilla/5.0 (X11; Linux x86_64) AppleWebKit/537.36 (KHTML, like Gecko) HeadlessChrome/144.0.0.0 Safari/537.36"
192.198.80.6 - - [23/Jan/2026:14:02:09 -0300] "GET /wp-content/uploads/2025/04/lancamento-do-foguete-1.png HTTP/1.1" 200 2375 "https://arquitetas.online/" "Mozilla/5.0 (X11; Linux x86_64) AppleWebKit/537.36 (KHTML, like Gecko) HeadlessChrome/144.0.0.0 Safari/537.36"
192.198.80.6 - - [23/Jan/2026:14:02:09 -0300] "GET /wp-content/uploads/2025/04/img-box2.webp HTTP/1.1" 200 51636 "https://arquitetas.online/" "Mozilla/5.0 (X11; Linux x86_64) AppleWebKit/537.36 (KHTML, like Gecko) HeadlessChrome/144.0.0.0 Safari/537.36"
192.198.80.6 - - [23/Jan/2026:14:02:09 -0300] "GET /wp-content/uploads/2025/04/icon1.png HTTP/1.1" 200 1534 "https://arquitetas.online/" "Mozilla/5.0 (X11; Linux x86_64) AppleWebKit/537.36 (KHTML, like Gecko) HeadlessChrome/144.0.0.0 Safari/537.36"
192.198.80.6 - - [23/Jan/2026:14:02:09 -0300] "GET /wp-content/uploads/2025/04/agente-de-atendimento-ao-cliente-1.png HTTP/1.1" 200 3042 "https://arquitetas.online/" "Mozilla/5.0 (X11; Linux x86_64) AppleWebKit/537.36 (KHTML, like Gecko) HeadlessChrome/144.0.0.0 Safari/537.36"
192.198.80.6 - - [23/Jan/2026:14:02:09 -0300] "GET /wp-content/uploads/2025/04/402888124_7f5f17e6-17a6-4cca-bd74-70396259582f-1536x1024.png HTTP/1.1" 200 585159 "https://arquitetas.online/" "Mozilla/5.0 (X11; Linux x86_64) AppleWebKit/537.36 (KHTML, like Gecko) HeadlessChrome/144.0.0.0 Safari/537.36"
192.198.80.6 - - [23/Jan/2026:14:02:09 -0300] "GET /wp-content/uploads/2025/04/2-1-1.webp HTTP/1.1" 200 49788 "https://arquitetas.online/" "Mozilla/5.0 (X11; Linux x86_64) AppleWebKit/537.36 (KHTML, like Gecko) HeadlessChrome/144.0.0.0 Safari/537.36"
